{"id":136,"date":"2018-10-09T21:37:12","date_gmt":"2018-10-09T19:37:12","guid":{"rendered":"http:\/\/www.laurapennanen.fi\/?page_id=136"},"modified":"2020-01-22T20:52:35","modified_gmt":"2020-01-22T18:52:35","slug":"rico","status":"publish","type":"page","link":"https:\/\/www.laurapennanen.fi\/?page_id=136","title":{"rendered":"Rico"},"content":{"rendered":"<div id=\"attachment_186\" style=\"width: 559px\" class=\"wp-caption alignnone\"><a href=\"http:\/\/www.laurapennanen.fi\/wp-content\/uploads\/2018\/10\/Kuutsalo-p\u00e4iv\u00e4-22.5-5-e1539362795430.jpg\"><img loading=\"lazy\" decoding=\"async\" aria-describedby=\"caption-attachment-186\" class=\"wp-image-186 \" src=\"http:\/\/www.laurapennanen.fi\/wp-content\/uploads\/2018\/10\/Kuutsalo-p\u00e4iv\u00e4-22.5-5-1024x683.jpg\" alt=\"\" width=\"549\" height=\"366\" \/><\/a><p id=\"caption-attachment-186\" class=\"wp-caption-text\">Sonorian Enrico &#8216;Rico&#8217; 21.6.2006 &#8211; 17.6.2018<\/p><\/div>\n<p>Rico, el\u00e4m\u00e4ni suurin koira. Se saapui minulle elokuussa 2006 luovutusik\u00e4isen\u00e4 pentuna. Rico oli alusta asti yhden ihmisen koira. Sill\u00e4 on eritt\u00e4in vahva itsearvostus ja omat rajat, joita ei saanut ylitt\u00e4\u00e4. Opetin Ricolle perustottelevaisuuden lis\u00e4ksi j\u00e4lke\u00e4. Rico oli helppo kouluttaa sen kiintymyksen ja ruokahalun turvin, joka sill\u00e4 oli. Rico rakasti lapsia yli kaiken. Oman perheen pojat saivat leikki\u00e4 sen kanssa huoletta. Olipa Rico joskus laskuramppina pikkuautoillekin. Lis\u00e4ksi se rakasti koiran- ja kissanpentuja sek\u00e4 kaikkea el\u00e4v\u00e4\u00e4. Vanhempieni kipe\u00e4n\u00e4 olleet kalkkunat mm. saivat Ricolta suojaa.<\/p>\n<p>Rico nautti uimisesta, keppienheittelyst\u00e4 ja erityisesti ty\u00f6ss\u00e4 k\u00e4ymisest\u00e4 kanssani. Kun her\u00e4tyskellon \u00e4\u00e4ni alkoi soimaan, Rico tuli varovasti n\u00f6ykk\u00e4sem\u00e4\u00e4n minua. Se istuutui sen j\u00e4lkeen eteiseen odottamaan, kun puin ty\u00f6vaatteet p\u00e4\u00e4lle. Muutoin niin innokas ja \u00e4\u00e4nek\u00e4skin herra oli hipi hiljaa t\u00f6ihin l\u00e4htiess\u00e4. Olihan syd\u00e4ny\u00f6 ja kaikki muut nukkuivat.<\/p>\n<p>Ricon ollessa kuusivuotias perheeseen muutti pikku <a href=\"http:\/\/www.laurapennanen.fi\/?page_id=157\">Wilma<\/a>. Rico oli t\u00e4ysin myyty pikku nyytin hoivaamisesta. N\u00e4ist\u00e4 kahdesta saksanpaimenkoirasta tulikin erottamattomat. Rico puolusti niin Wilmaa kuin minuakin. Er\u00e4\u00e4n\u00e4 y\u00f6n\u00e4 t\u00f6iss\u00e4 jouduin tilanteeseen, jossa kaksi ep\u00e4m\u00e4\u00e4r\u00e4isess\u00e4 kunnossa olevaa miest\u00e4 tukki tieni. Rico reagoi tilanteeseen minua nopeammin ja kas kummaa, tie aukeni kuljettavaksi muutamassa sekunnissa.<\/p>\n<p>Viimeisin\u00e4 kuukausina Ricolle ilmeni selk\u00e4vaivaa, joka heijastui vasempaan takajalkaan. Sitke\u00e4n\u00e4 koirana se ei Ricoa haitannut. L\u00e4mpimin\u00e4 kes\u00e4p\u00e4ivin\u00e4 Rico ui ja se helpotti kipua sel\u00e4ss\u00e4. Viel\u00e4 p\u00e4iv\u00e4 ennen poisl\u00e4ht\u00f6\u00e4\u00e4n Rico nautiskeli uinnista ja j\u00e4lkk\u00e4rist\u00e4. Sunnuntai-iltana 17.6. Rico hyv\u00e4steli Wilman ja nukahti syliini. Suuri persoona oli poissa.<\/p>\n<div class=\"kuvat\">\n<div id=\"attachment_4163\" style=\"width: 635px\" class=\"wp-caption alignnone\"><a href=\"http:\/\/www.laurapennanen.fi\/wp-content\/uploads\/2020\/01\/Rico-ja-Wilma.jpg\"><img loading=\"lazy\" decoding=\"async\" aria-describedby=\"caption-attachment-4163\" class=\"wp-image-4163 size-large\" src=\"http:\/\/www.laurapennanen.fi\/wp-content\/uploads\/2020\/01\/Rico-ja-Wilma-1024x765.jpg\" alt=\"\" width=\"625\" height=\"467\" srcset=\"https:\/\/www.laurapennanen.fi\/wp-content\/uploads\/2020\/01\/Rico-ja-Wilma-1024x765.jpg 1024w, https:\/\/www.laurapennanen.fi\/wp-content\/uploads\/2020\/01\/Rico-ja-Wilma-300x224.jpg 300w, https:\/\/www.laurapennanen.fi\/wp-content\/uploads\/2020\/01\/Rico-ja-Wilma-768x573.jpg 768w, https:\/\/www.laurapennanen.fi\/wp-content\/uploads\/2020\/01\/Rico-ja-Wilma-1536x1147.jpg 1536w, https:\/\/www.laurapennanen.fi\/wp-content\/uploads\/2020\/01\/Rico-ja-Wilma-624x466.jpg 624w, https:\/\/www.laurapennanen.fi\/wp-content\/uploads\/2020\/01\/Rico-ja-Wilma.jpg 1614w\" sizes=\"auto, (max-width: 625px) 100vw, 625px\" \/><\/a><p id=\"caption-attachment-4163\" class=\"wp-caption-text\">Wilma ja Rico keppileikin tiimellyksess\u00e4 Lentokent\u00e4n maastossa 25.4.2016.<\/p><\/div>\n<\/div>\n<p><a href=\"http:\/\/www.laurapennanen.fi\/?page_id=86#Meid\u00e4n lauma\">\u21d0 Palaa koirat-sivulle<\/a><\/p>\n","protected":false},"excerpt":{"rendered":"<p>Rico, el\u00e4m\u00e4ni suurin koira. Se saapui minulle elokuussa 2006 luovutusik\u00e4isen\u00e4 pentuna. Rico oli alusta asti yhden ihmisen koira. Sill\u00e4 on eritt\u00e4in vahva itsearvostus ja omat rajat, joita ei saanut ylitt\u00e4\u00e4. Opetin Ricolle perustottelevaisuuden lis\u00e4ksi j\u00e4lke\u00e4. Rico oli helppo kouluttaa sen kiintymyksen ja ruokahalun turvin, joka sill\u00e4 oli. Rico rakasti lapsia yli kaiken. Oman perheen pojat [&hellip;]<\/p>\n","protected":false},"author":1,"featured_media":0,"parent":86,"menu_order":0,"comment_status":"closed","ping_status":"closed","template":"page-templates\/full-width.php","meta":{"footnotes":""},"class_list":["post-136","page","type-page","status-publish","hentry"],"_links":{"self":[{"href":"https:\/\/www.laurapennanen.fi\/index.php?rest_route=\/wp\/v2\/pages\/136","targetHints":{"allow":["GET"]}}],"collection":[{"href":"https:\/\/www.laurapennanen.fi\/index.php?rest_route=\/wp\/v2\/pages"}],"about":[{"href":"https:\/\/www.laurapennanen.fi\/index.php?rest_route=\/wp\/v2\/types\/page"}],"author":[{"embeddable":true,"href":"https:\/\/www.laurapennanen.fi\/index.php?rest_route=\/wp\/v2\/users\/1"}],"replies":[{"embeddable":true,"href":"https:\/\/www.laurapennanen.fi\/index.php?rest_route=%2Fwp%2Fv2%2Fcomments&post=136"}],"version-history":[{"count":10,"href":"https:\/\/www.laurapennanen.fi\/index.php?rest_route=\/wp\/v2\/pages\/136\/revisions"}],"predecessor-version":[{"id":4164,"href":"https:\/\/www.laurapennanen.fi\/index.php?rest_route=\/wp\/v2\/pages\/136\/revisions\/4164"}],"up":[{"embeddable":true,"href":"https:\/\/www.laurapennanen.fi\/index.php?rest_route=\/wp\/v2\/pages\/86"}],"wp:attachment":[{"href":"https:\/\/www.laurapennanen.fi\/index.php?rest_route=%2Fwp%2Fv2%2Fmedia&parent=136"}],"curies":[{"name":"wp","href":"https:\/\/api.w.org\/{rel}","templated":true}]}}