{"id":139,"date":"2018-10-09T21:37:40","date_gmt":"2018-10-09T19:37:40","guid":{"rendered":"http:\/\/www.laurapennanen.fi\/?page_id=139"},"modified":"2019-05-30T08:47:15","modified_gmt":"2019-05-30T06:47:15","slug":"kaisa","status":"publish","type":"page","link":"https:\/\/www.laurapennanen.fi\/?page_id=139","title":{"rendered":"Kaisa"},"content":{"rendered":"<div id=\"attachment_183\" style=\"width: 560px\" class=\"wp-caption alignnone\"><a href=\"http:\/\/www.laurapennanen.fi\/wp-content\/uploads\/2018\/10\/Kaisa-IMG_2266-e1539542359521.jpg\"><img loading=\"lazy\" decoding=\"async\" aria-describedby=\"caption-attachment-183\" class=\"wp-image-183\" src=\"http:\/\/www.laurapennanen.fi\/wp-content\/uploads\/2018\/10\/IMG_2266-1024x768.jpg\" alt=\"\" width=\"550\" height=\"413\" \/><\/a><p id=\"caption-attachment-183\" class=\"wp-caption-text\">Gaissa &#8216;Kaisa&#8217; 30.10.2009 &#8211; 4.10.2018<\/p><\/div>\n<p>Kaisa syntyi M\u00f6rkin pennuista kolmantena, ollen ensimm\u00e4inen narttupentu. Kaisa oli aivan pienest\u00e4 pit\u00e4en oman tiens\u00e4 kulkija. Siin\u00e4, miss\u00e4 muut laukkasivat emon ja mummonsa per\u00e4ss\u00e4, Kaisa tutkaili maailmaa omien polkujensa kautta. Kaisa k\u00e4vi kokeilemassa suurta maailmaa uudessa perheess\u00e4 mutta palasi kotilaumaan 5 kuukauden i\u00e4ss\u00e4 takaisin.<\/p>\n<p>Kaisa oli aina iloinen ja veike\u00e4 neito, joka p\u00e4\u00e4asiallisesti tuli kaikkien kanssa toimeen. Se oli voimakkaasti leimautunut minuun. Se juoksi valjakossani johtajana ja toimi jo nuorena eritt\u00e4in hyvin jopa yksikk\u00f6johtajana. Kaisa p\u00e4\u00e4tti vuodenvaihteessa 2014-2015 tekaista pennut ja kiipesi tarhastaan veljens\u00e4 luo. Tuloksena maalikuun alussa nelj\u00e4 yll\u00e4tyspentua, se nimitt\u00e4in puuhien j\u00e4lkeen kiipesi takaisin tarhaansa ja huomasin tiineyden vasta aivan viime metreill\u00e4.<\/p>\n<p>Kaisalta l\u00f6ytyi lokakuun alussa 2018 valtava munasarjakasvain, joka leikattiin. Kasvain oli 2,7 kiloinen. Kaikki meni hyvin, kunnes Kaisa nostettiin alas leikkausp\u00f6yd\u00e4lt\u00e4. Kaisa menehtyi hetkess\u00e4 shokkitilaan. \ud83d\ude41<\/p>\n<p><a href=\"http:\/\/www.laurapennanen.fi\/?page_id=86#Meid\u00e4n lauma\">\u21d0 Palaa koirat-sivulle<\/a><\/p>\n","protected":false},"excerpt":{"rendered":"<p>Kaisa syntyi M\u00f6rkin pennuista kolmantena, ollen ensimm\u00e4inen narttupentu. Kaisa oli aivan pienest\u00e4 pit\u00e4en oman tiens\u00e4 kulkija. Siin\u00e4, miss\u00e4 muut laukkasivat emon ja mummonsa per\u00e4ss\u00e4, Kaisa tutkaili maailmaa omien polkujensa kautta. Kaisa k\u00e4vi kokeilemassa suurta maailmaa uudessa perheess\u00e4 mutta palasi kotilaumaan 5 kuukauden i\u00e4ss\u00e4 takaisin. Kaisa oli aina iloinen ja veike\u00e4 neito, joka p\u00e4\u00e4asiallisesti tuli kaikkien [&hellip;]<\/p>\n","protected":false},"author":1,"featured_media":0,"parent":86,"menu_order":0,"comment_status":"closed","ping_status":"closed","template":"page-templates\/full-width.php","meta":{"footnotes":""},"class_list":["post-139","page","type-page","status-publish","hentry"],"_links":{"self":[{"href":"https:\/\/www.laurapennanen.fi\/index.php?rest_route=\/wp\/v2\/pages\/139","targetHints":{"allow":["GET"]}}],"collection":[{"href":"https:\/\/www.laurapennanen.fi\/index.php?rest_route=\/wp\/v2\/pages"}],"about":[{"href":"https:\/\/www.laurapennanen.fi\/index.php?rest_route=\/wp\/v2\/types\/page"}],"author":[{"embeddable":true,"href":"https:\/\/www.laurapennanen.fi\/index.php?rest_route=\/wp\/v2\/users\/1"}],"replies":[{"embeddable":true,"href":"https:\/\/www.laurapennanen.fi\/index.php?rest_route=%2Fwp%2Fv2%2Fcomments&post=139"}],"version-history":[{"count":6,"href":"https:\/\/www.laurapennanen.fi\/index.php?rest_route=\/wp\/v2\/pages\/139\/revisions"}],"predecessor-version":[{"id":2846,"href":"https:\/\/www.laurapennanen.fi\/index.php?rest_route=\/wp\/v2\/pages\/139\/revisions\/2846"}],"up":[{"embeddable":true,"href":"https:\/\/www.laurapennanen.fi\/index.php?rest_route=\/wp\/v2\/pages\/86"}],"wp:attachment":[{"href":"https:\/\/www.laurapennanen.fi\/index.php?rest_route=%2Fwp%2Fv2%2Fmedia&parent=139"}],"curies":[{"name":"wp","href":"https:\/\/api.w.org\/{rel}","templated":true}]}}