{"id":151,"date":"2018-10-09T21:38:33","date_gmt":"2018-10-09T19:38:33","guid":{"rendered":"http:\/\/www.laurapennanen.fi\/?page_id=151"},"modified":"2021-07-19T17:55:17","modified_gmt":"2021-07-19T15:55:17","slug":"kiiki","status":"publish","type":"page","link":"https:\/\/www.laurapennanen.fi\/?page_id=151","title":{"rendered":"Kiiki"},"content":{"rendered":"<div class=\"kuvat kapeampi\">\n<div id=\"attachment_197\" style=\"width: 410px\" class=\"wp-caption alignnone\"><a href=\"http:\/\/www.laurapennanen.fi\/wp-content\/uploads\/2018\/10\/Kiiki-2016-03.02.-14.05.362-.jpg\"><img loading=\"lazy\" decoding=\"async\" aria-describedby=\"caption-attachment-197\" class=\"wp-image-197\" src=\"http:\/\/www.laurapennanen.fi\/wp-content\/uploads\/2018\/10\/Kiiki-2016-03.02.-14.05.362--769x1024.jpg\" alt=\"\" width=\"400\" height=\"533\" srcset=\"https:\/\/www.laurapennanen.fi\/wp-content\/uploads\/2018\/10\/Kiiki-2016-03.02.-14.05.362--769x1024.jpg 769w, https:\/\/www.laurapennanen.fi\/wp-content\/uploads\/2018\/10\/Kiiki-2016-03.02.-14.05.362--225x300.jpg 225w, https:\/\/www.laurapennanen.fi\/wp-content\/uploads\/2018\/10\/Kiiki-2016-03.02.-14.05.362--768x1023.jpg 768w, https:\/\/www.laurapennanen.fi\/wp-content\/uploads\/2018\/10\/Kiiki-2016-03.02.-14.05.362--624x831.jpg 624w, https:\/\/www.laurapennanen.fi\/wp-content\/uploads\/2018\/10\/Kiiki-2016-03.02.-14.05.362-.jpg 1244w\" sizes=\"auto, (max-width: 400px) 100vw, 400px\" \/><\/a><p id=\"caption-attachment-197\" class=\"wp-caption-text\">Kiiki vauhdissa Kymin lentokent\u00e4ll\u00e4.<\/p><\/div>\n<\/div>\n<p>Gielas &#8216;Kiiki&#8217; s. 30.10.2009 oli <a href=\"http:\/\/www.laurapennanen.fi\/?page_id=132\">M\u00f6rkin<\/a> seitsem\u00e4s pentu, ollen nartuista toinen. Jos jossain kolahtaa ruokakuppi, oli paikalla takuuvarmasti pieni harmaa husky, Kiiki. Suursy\u00f6m\u00e4rin ruokahaluilla varustettu sympaattinen neito tervehti kaikkia ihmisi\u00e4 iloisesti ja veike\u00e4 ilme silm\u00e4kulmassa: jospa t\u00e4ll\u00e4 tulijalla olisi minulle nami. Kiiki oli syntyess\u00e4\u00e4n kaikkein pienin ja oli j\u00e4\u00e4d\u00e4 sisarustensa jalkoihin. Mutta eritt\u00e4in sitke\u00e4n ja kekseli\u00e4\u00e4n luonteensa turvin Kiiki selvitti aina tiens\u00e4 nis\u00e4lle. Hieman vanhempana pentuna se varmuuden vuoksi nukahti ruokakuppiin, varmistaen aterialle p\u00e4\u00e4syn seuraavalla sy\u00f6tt\u00f6kerralla \ud83d\ude42<\/p>\n<p>Siskonsa Kaisan kanssa Kiikill\u00e4 oli on\/off suhde. Murinoilta ja tappeluiltakaan ei v\u00e4ltytty mutta ulkopuolisen uhkan alla siskosten yhteisty\u00f6 oli saumatonta. Kiiki oli laumassa erakko. Oli vain kaksi laumanj\u00e4sent\u00e4, joiden kanssa Kiiki tuli t\u00e4ydellisesti toimeen. Oman emonsa ja <a href=\"http:\/\/www.laurapennanen.fi\/?page_id=157\">Wilman<\/a>. Kiikill\u00e4 ja Wilmalla oli yhteinen piirre, joskaan sit\u00e4 ei ole mitenk\u00e4\u00e4n &#8216;diagnosoitu&#8217;. Molemmat olivat ylivilkkaita ikiliikkujia. Meill\u00e4 onkin perheen sis\u00e4inen nimitys pariskunnalle: ADHD koirat. Kiikin rekikoiraura alkoi hitaasti mutta kun se lopulta hokasi homman, se oli yksi muiden joukossa ja teki ty\u00f6ns\u00e4 moitteettomasti.<\/p>\n<p>Kiikin syyskuun 2020 alussa alkanut juoksu sai k\u00e4\u00e4nteen, kun se pitkittyi. Koska Kiiki oli supersy\u00f6m\u00e4ri, kiinnitin huomion sen sy\u00f6misrytmin hidastumiseen. Kiiki s\u00f6i kuitenkin joka kerta kupin tyhj\u00e4ksi. Mit\u00e4\u00e4n vuotoja ei ollut mutta vatsanseudulle oli muodostunut isohko kupu, joten veimme neidin l\u00e4\u00e4k\u00e4riin 7.10. Tilanne muuttui ultrauksessa hetkess\u00e4 kriittiseksi ja Kiiki leikattiin v\u00e4litt\u00f6m\u00e4sti. M\u00e4rk\u00e4kohtu oli todella laaja-alainen ja kohtu roippeineen painoi liki kaksi kiloa. Kiiki selvisi leikkauksesta ja toipui em\u00e4\u00e4ns\u00e4 nopeammin kuntoon. Aina kannattaa olla ahne possu.<\/p>\n<p><span class=\"d2edcug0 hpfvmrgz qv66sw1b c1et5uql lr9zc1uh a8c37x1j keod5gw0 nxhoafnm aigsh9s9 d3f4x2em fe6kdd0r mau55g9w c8b282yb iv3no6db jq4qci2q a3bd9o3v knj5qynh oo9gr5id hzawbc8m\" dir=\"auto\">Kes\u00e4kuun alussa 2021 huomasin ik\u00e4\u00e4nkuin vahingossa Kiikin nisiss\u00e4 olevan suuren kasvaimen, kun se lenkill\u00e4 k\u00e4veli hieman kevent\u00e4en. Ensin Kiiki sai antibioottikuurin, joka helpotti visvaiseen ihottumaan. Mutta kasvain levisi aggressiivisesti parissa viikossa. Neiti s\u00f6i kuitenkin viimeiseen p\u00e4iv\u00e4\u00e4n asti ahnaasti. Kiikin liikkuminen v\u00e4heni kasvaimen levitess\u00e4 vasta 2-3 p\u00e4iv\u00e4\u00e4 ennen viimeist\u00e4 matkaa. Kiiki nukahti ikiuneen 11.6.2021 el\u00e4inl\u00e4\u00e4k\u00e4rin vastaanotolla. Pieni, suuri koira oli poistunut luotamme.<br \/>\n<\/span><\/p>\n<div class=\"kuvat\">\n<div id=\"attachment_4153\" style=\"width: 635px\" class=\"wp-caption alignnone\"><a href=\"http:\/\/www.laurapennanen.fi\/wp-content\/uploads\/2020\/01\/Kiiki-husky.jpg\"><img loading=\"lazy\" decoding=\"async\" aria-describedby=\"caption-attachment-4153\" class=\"wp-image-4153 size-large\" src=\"http:\/\/www.laurapennanen.fi\/wp-content\/uploads\/2020\/01\/Kiiki-husky-1024x766.jpg\" alt=\"\" width=\"625\" height=\"468\" srcset=\"https:\/\/www.laurapennanen.fi\/wp-content\/uploads\/2020\/01\/Kiiki-husky-1024x766.jpg 1024w, https:\/\/www.laurapennanen.fi\/wp-content\/uploads\/2020\/01\/Kiiki-husky-300x224.jpg 300w, https:\/\/www.laurapennanen.fi\/wp-content\/uploads\/2020\/01\/Kiiki-husky-768x574.jpg 768w, https:\/\/www.laurapennanen.fi\/wp-content\/uploads\/2020\/01\/Kiiki-husky-1536x1149.jpg 1536w, https:\/\/www.laurapennanen.fi\/wp-content\/uploads\/2020\/01\/Kiiki-husky-2048x1532.jpg 2048w, https:\/\/www.laurapennanen.fi\/wp-content\/uploads\/2020\/01\/Kiiki-husky-624x467.jpg 624w\" sizes=\"auto, (max-width: 625px) 100vw, 625px\" \/><\/a><p id=\"caption-attachment-4153\" class=\"wp-caption-text\">Kiiki upoksissa lentokent\u00e4n mets\u00e4ss\u00e4 22.2.2016.<\/p><\/div>\n<\/div>\n<div class=\"kuvat\">\n<div id=\"attachment_4216\" style=\"width: 635px\" class=\"wp-caption alignnone\"><a href=\"http:\/\/www.laurapennanen.fi\/wp-content\/uploads\/2020\/02\/Kiiki-tarhassa.jpg\"><img loading=\"lazy\" decoding=\"async\" aria-describedby=\"caption-attachment-4216\" class=\"wp-image-4216 size-large\" src=\"http:\/\/www.laurapennanen.fi\/wp-content\/uploads\/2020\/02\/Kiiki-tarhassa-1024x766.jpg\" alt=\"\" width=\"625\" height=\"468\" srcset=\"https:\/\/www.laurapennanen.fi\/wp-content\/uploads\/2020\/02\/Kiiki-tarhassa-1024x766.jpg 1024w, https:\/\/www.laurapennanen.fi\/wp-content\/uploads\/2020\/02\/Kiiki-tarhassa-300x224.jpg 300w, https:\/\/www.laurapennanen.fi\/wp-content\/uploads\/2020\/02\/Kiiki-tarhassa-768x575.jpg 768w, https:\/\/www.laurapennanen.fi\/wp-content\/uploads\/2020\/02\/Kiiki-tarhassa-1536x1149.jpg 1536w, https:\/\/www.laurapennanen.fi\/wp-content\/uploads\/2020\/02\/Kiiki-tarhassa-624x467.jpg 624w, https:\/\/www.laurapennanen.fi\/wp-content\/uploads\/2020\/02\/Kiiki-tarhassa.jpg 1923w\" sizes=\"auto, (max-width: 625px) 100vw, 625px\" \/><\/a><p id=\"caption-attachment-4216\" class=\"wp-caption-text\">Kiiki tarhassa 8.2.2020.<\/p><\/div>\n<\/div>\n<div class=\"kuvat\">\n<div id=\"attachment_4855\" style=\"width: 635px\" class=\"wp-caption alignnone\"><a href=\"http:\/\/www.laurapennanen.fi\/wp-content\/uploads\/2020\/11\/Kiiki-ja-Laikku.jpg\"><img loading=\"lazy\" decoding=\"async\" aria-describedby=\"caption-attachment-4855\" class=\"wp-image-4855 size-large\" src=\"http:\/\/www.laurapennanen.fi\/wp-content\/uploads\/2020\/11\/Kiiki-ja-Laikku-768x1024.jpg\" alt=\"\" width=\"625\" height=\"833\" srcset=\"https:\/\/www.laurapennanen.fi\/wp-content\/uploads\/2020\/11\/Kiiki-ja-Laikku-768x1024.jpg 768w, https:\/\/www.laurapennanen.fi\/wp-content\/uploads\/2020\/11\/Kiiki-ja-Laikku-225x300.jpg 225w, https:\/\/www.laurapennanen.fi\/wp-content\/uploads\/2020\/11\/Kiiki-ja-Laikku-1152x1536.jpg 1152w, https:\/\/www.laurapennanen.fi\/wp-content\/uploads\/2020\/11\/Kiiki-ja-Laikku-624x832.jpg 624w, https:\/\/www.laurapennanen.fi\/wp-content\/uploads\/2020\/11\/Kiiki-ja-Laikku.jpg 1488w\" sizes=\"auto, (max-width: 625px) 100vw, 625px\" \/><\/a><p id=\"caption-attachment-4855\" class=\"wp-caption-text\">Kiikill\u00e4 oli koko toipilasajan seuraa Laikusta. Neideist\u00e4 tulikin yst\u00e4vykset. Kuvassa leikkausta seuraava p\u00e4iv\u00e4 8.10. Kiiki matkusti mantereelle p\u00e4ivitt\u00e4in meid\u00e4n kanssa kahden viikon ajan. Sen j\u00e4lkeen se siirtyi takaisin tarhaan.<\/p><\/div>\n<\/div>\n<p><a href=\"http:\/\/www.laurapennanen.fi\/?page_id=86#Meid\u00e4n lauma\">\u21d0 Palaa koirat-sivulle<\/a><\/p>\n","protected":false},"excerpt":{"rendered":"<p>Gielas &#8216;Kiiki&#8217; s. 30.10.2009 oli M\u00f6rkin seitsem\u00e4s pentu, ollen nartuista toinen. Jos jossain kolahtaa ruokakuppi, oli paikalla takuuvarmasti pieni harmaa husky, Kiiki. Suursy\u00f6m\u00e4rin ruokahaluilla varustettu sympaattinen neito tervehti kaikkia ihmisi\u00e4 iloisesti ja veike\u00e4 ilme silm\u00e4kulmassa: jospa t\u00e4ll\u00e4 tulijalla olisi minulle nami. Kiiki oli syntyess\u00e4\u00e4n kaikkein pienin ja oli j\u00e4\u00e4d\u00e4 sisarustensa jalkoihin. Mutta eritt\u00e4in sitke\u00e4n ja [&hellip;]<\/p>\n","protected":false},"author":1,"featured_media":0,"parent":86,"menu_order":0,"comment_status":"closed","ping_status":"closed","template":"page-templates\/full-width.php","meta":{"footnotes":""},"class_list":["post-151","page","type-page","status-publish","hentry"],"_links":{"self":[{"href":"https:\/\/www.laurapennanen.fi\/index.php?rest_route=\/wp\/v2\/pages\/151","targetHints":{"allow":["GET"]}}],"collection":[{"href":"https:\/\/www.laurapennanen.fi\/index.php?rest_route=\/wp\/v2\/pages"}],"about":[{"href":"https:\/\/www.laurapennanen.fi\/index.php?rest_route=\/wp\/v2\/types\/page"}],"author":[{"embeddable":true,"href":"https:\/\/www.laurapennanen.fi\/index.php?rest_route=\/wp\/v2\/users\/1"}],"replies":[{"embeddable":true,"href":"https:\/\/www.laurapennanen.fi\/index.php?rest_route=%2Fwp%2Fv2%2Fcomments&post=151"}],"version-history":[{"count":20,"href":"https:\/\/www.laurapennanen.fi\/index.php?rest_route=\/wp\/v2\/pages\/151\/revisions"}],"predecessor-version":[{"id":5159,"href":"https:\/\/www.laurapennanen.fi\/index.php?rest_route=\/wp\/v2\/pages\/151\/revisions\/5159"}],"up":[{"embeddable":true,"href":"https:\/\/www.laurapennanen.fi\/index.php?rest_route=\/wp\/v2\/pages\/86"}],"wp:attachment":[{"href":"https:\/\/www.laurapennanen.fi\/index.php?rest_route=%2Fwp%2Fv2%2Fmedia&parent=151"}],"curies":[{"name":"wp","href":"https:\/\/api.w.org\/{rel}","templated":true}]}}

<div class="kuvat kapeampi">
<div id="attachment_197" style="width: 410px" class="wp-caption alignnone"><a href="http://www.laurapennanen.fi/wp-content/uploads/2018/10/Kiiki-2016-03.02.-14.05.362-.jpg"><img loading="lazy" decoding="async" aria-describedby="caption-attachment-197" class="wp-image-197" src="http://www.laurapennanen.fi/wp-content/uploads/2018/10/Kiiki-2016-03.02.-14.05.362--769x1024.jpg" alt="" width="400" height="533" srcset="https://www.laurapennanen.fi/wp-content/uploads/2018/10/Kiiki-2016-03.02.-14.05.362--769x1024.jpg 769w, https://www.laurapennanen.fi/wp-content/uploads/2018/10/Kiiki-2016-03.02.-14.05.362--225x300.jpg 225w, https://www.laurapennanen.fi/wp-content/uploads/2018/10/Kiiki-2016-03.02.-14.05.362--768x1023.jpg 768w, https://www.laurapennanen.fi/wp-content/uploads/2018/10/Kiiki-2016-03.02.-14.05.362--624x831.jpg 624w, https://www.laurapennanen.fi/wp-content/uploads/2018/10/Kiiki-2016-03.02.-14.05.362-.jpg 1244w" sizes="auto, (max-width: 400px) 100vw, 400px" /></a><p id="caption-attachment-197" class="wp-caption-text">Kiiki vauhdissa Kymin lentokentällä.</p></div>
</div>
<p>Gielas &#8216;Kiiki&#8217; s. 30.10.2009 oli <a href="http://www.laurapennanen.fi/?page_id=132">Mörkin</a> seitsemäs pentu, ollen nartuista toinen. Jos jossain kolahtaa ruokakuppi, oli paikalla takuuvarmasti pieni harmaa husky, Kiiki. Suursyömärin ruokahaluilla varustettu sympaattinen neito tervehti kaikkia ihmisiä iloisesti ja veikeä ilme silmäkulmassa: jospa tällä tulijalla olisi minulle nami. Kiiki oli syntyessään kaikkein pienin ja oli jäädä sisarustensa jalkoihin. Mutta erittäin sitkeän ja kekseliään luonteensa turvin Kiiki selvitti aina tiensä nisälle. Hieman vanhempana pentuna se varmuuden vuoksi nukahti ruokakuppiin, varmistaen aterialle pääsyn seuraavalla syöttökerralla 🙂</p>
<p>Siskonsa Kaisan kanssa Kiikillä oli on/off suhde. Murinoilta ja tappeluiltakaan ei vältytty mutta ulkopuolisen uhkan alla siskosten yhteistyö oli saumatonta. Kiiki oli laumassa erakko. Oli vain kaksi laumanjäsentä, joiden kanssa Kiiki tuli täydellisesti toimeen. Oman emonsa ja <a href="http://www.laurapennanen.fi/?page_id=157">Wilman</a>. Kiikillä ja Wilmalla oli yhteinen piirre, joskaan sitä ei ole mitenkään &#8216;diagnosoitu&#8217;. Molemmat olivat ylivilkkaita ikiliikkujia. Meillä onkin perheen sisäinen nimitys pariskunnalle: ADHD koirat. Kiikin rekikoiraura alkoi hitaasti mutta kun se lopulta hokasi homman, se oli yksi muiden joukossa ja teki työnsä moitteettomasti.</p>
<p>Kiikin syyskuun 2020 alussa alkanut juoksu sai käänteen, kun se pitkittyi. Koska Kiiki oli supersyömäri, kiinnitin huomion sen syömisrytmin hidastumiseen. Kiiki söi kuitenkin joka kerta kupin tyhjäksi. Mitään vuotoja ei ollut mutta vatsanseudulle oli muodostunut isohko kupu, joten veimme neidin lääkäriin 7.10. Tilanne muuttui ultrauksessa hetkessä kriittiseksi ja Kiiki leikattiin välittömästi. Märkäkohtu oli todella laaja-alainen ja kohtu roippeineen painoi liki kaksi kiloa. Kiiki selvisi leikkauksesta ja toipui emäänsä nopeammin kuntoon. Aina kannattaa olla ahne possu.</p>
<p><span class="d2edcug0 hpfvmrgz qv66sw1b c1et5uql lr9zc1uh a8c37x1j keod5gw0 nxhoafnm aigsh9s9 d3f4x2em fe6kdd0r mau55g9w c8b282yb iv3no6db jq4qci2q a3bd9o3v knj5qynh oo9gr5id hzawbc8m" dir="auto">Kesäkuun alussa 2021 huomasin ikäänkuin vahingossa Kiikin nisissä olevan suuren kasvaimen, kun se lenkillä käveli hieman keventäen. Ensin Kiiki sai antibioottikuurin, joka helpotti visvaiseen ihottumaan. Mutta kasvain levisi aggressiivisesti parissa viikossa. Neiti söi kuitenkin viimeiseen päivään asti ahnaasti. Kiikin liikkuminen väheni kasvaimen levitessä vasta 2-3 päivää ennen viimeistä matkaa. Kiiki nukahti ikiuneen 11.6.2021 eläinlääkärin vastaanotolla. Pieni, suuri koira oli poistunut luotamme.<br />
</span></p>
<div class="kuvat">
<div id="attachment_4153" style="width: 635px" class="wp-caption alignnone"><a href="http://www.laurapennanen.fi/wp-content/uploads/2020/01/Kiiki-husky.jpg"><img loading="lazy" decoding="async" aria-describedby="caption-attachment-4153" class="wp-image-4153 size-large" src="http://www.laurapennanen.fi/wp-content/uploads/2020/01/Kiiki-husky-1024x766.jpg" alt="" width="625" height="468" srcset="https://www.laurapennanen.fi/wp-content/uploads/2020/01/Kiiki-husky-1024x766.jpg 1024w, https://www.laurapennanen.fi/wp-content/uploads/2020/01/Kiiki-husky-300x224.jpg 300w, https://www.laurapennanen.fi/wp-content/uploads/2020/01/Kiiki-husky-768x574.jpg 768w, https://www.laurapennanen.fi/wp-content/uploads/2020/01/Kiiki-husky-1536x1149.jpg 1536w, https://www.laurapennanen.fi/wp-content/uploads/2020/01/Kiiki-husky-2048x1532.jpg 2048w, https://www.laurapennanen.fi/wp-content/uploads/2020/01/Kiiki-husky-624x467.jpg 624w" sizes="auto, (max-width: 625px) 100vw, 625px" /></a><p id="caption-attachment-4153" class="wp-caption-text">Kiiki upoksissa lentokentän metsässä 22.2.2016.</p></div>
</div>
<div class="kuvat">
<div id="attachment_4216" style="width: 635px" class="wp-caption alignnone"><a href="http://www.laurapennanen.fi/wp-content/uploads/2020/02/Kiiki-tarhassa.jpg"><img loading="lazy" decoding="async" aria-describedby="caption-attachment-4216" class="wp-image-4216 size-large" src="http://www.laurapennanen.fi/wp-content/uploads/2020/02/Kiiki-tarhassa-1024x766.jpg" alt="" width="625" height="468" srcset="https://www.laurapennanen.fi/wp-content/uploads/2020/02/Kiiki-tarhassa-1024x766.jpg 1024w, https://www.laurapennanen.fi/wp-content/uploads/2020/02/Kiiki-tarhassa-300x224.jpg 300w, https://www.laurapennanen.fi/wp-content/uploads/2020/02/Kiiki-tarhassa-768x575.jpg 768w, https://www.laurapennanen.fi/wp-content/uploads/2020/02/Kiiki-tarhassa-1536x1149.jpg 1536w, https://www.laurapennanen.fi/wp-content/uploads/2020/02/Kiiki-tarhassa-624x467.jpg 624w, https://www.laurapennanen.fi/wp-content/uploads/2020/02/Kiiki-tarhassa.jpg 1923w" sizes="auto, (max-width: 625px) 100vw, 625px" /></a><p id="caption-attachment-4216" class="wp-caption-text">Kiiki tarhassa 8.2.2020.</p></div>
</div>
<div class="kuvat">
<div id="attachment_4855" style="width: 635px" class="wp-caption alignnone"><a href="http://www.laurapennanen.fi/wp-content/uploads/2020/11/Kiiki-ja-Laikku.jpg"><img loading="lazy" decoding="async" aria-describedby="caption-attachment-4855" class="wp-image-4855 size-large" src="http://www.laurapennanen.fi/wp-content/uploads/2020/11/Kiiki-ja-Laikku-768x1024.jpg" alt="" width="625" height="833" srcset="https://www.laurapennanen.fi/wp-content/uploads/2020/11/Kiiki-ja-Laikku-768x1024.jpg 768w, https://www.laurapennanen.fi/wp-content/uploads/2020/11/Kiiki-ja-Laikku-225x300.jpg 225w, https://www.laurapennanen.fi/wp-content/uploads/2020/11/Kiiki-ja-Laikku-1152x1536.jpg 1152w, https://www.laurapennanen.fi/wp-content/uploads/2020/11/Kiiki-ja-Laikku-624x832.jpg 624w, https://www.laurapennanen.fi/wp-content/uploads/2020/11/Kiiki-ja-Laikku.jpg 1488w" sizes="auto, (max-width: 625px) 100vw, 625px" /></a><p id="caption-attachment-4855" class="wp-caption-text">Kiikillä oli koko toipilasajan seuraa Laikusta. Neideistä tulikin ystävykset. Kuvassa leikkausta seuraava päivä 8.10. Kiiki matkusti mantereelle päivittäin meidän kanssa kahden viikon ajan. Sen jälkeen se siirtyi takaisin tarhaan.</p></div>
</div>
<p><a href="http://www.laurapennanen.fi/?page_id=86#Meidän lauma">⇐ Palaa koirat-sivulle</a></p>

<p>Gielas &#8216;Kiiki&#8217; s. 30.10.2009 oli Mörkin seitsemäs pentu, ollen nartuista toinen. Jos jossain kolahtaa ruokakuppi, oli paikalla takuuvarmasti pieni harmaa husky, Kiiki. Suursyömärin ruokahaluilla varustettu sympaattinen neito tervehti kaikkia ihmisiä iloisesti ja veikeä ilme silmäkulmassa: jospa tällä tulijalla olisi minulle nami. Kiiki oli syntyessään kaikkein pienin ja oli jäädä sisarustensa jalkoihin. Mutta erittäin sitkeän ja [&hellip;]</p>
