{"id":157,"date":"2018-10-09T21:39:04","date_gmt":"2018-10-09T19:39:04","guid":{"rendered":"http:\/\/www.laurapennanen.fi\/?page_id=157"},"modified":"2024-01-26T12:00:47","modified_gmt":"2024-01-26T10:00:47","slug":"wilma","status":"publish","type":"page","link":"https:\/\/www.laurapennanen.fi\/?page_id=157","title":{"rendered":"Wilma"},"content":{"rendered":"<p>Sonorian Gerhilde &#8216;Wilma&#8217; s. 22.10.2012. Pikkuinen Wilma saapui syliini jouluksi 2012. Sen olemus her\u00e4tti alusta asti hilpeytt\u00e4 suurine korvineen ja \u00e4\u00e4nekk\u00e4ine haukkuineen. Wilma on pit\u00e4nyt tyylins\u00e4 aikuiseksi asti. Korvat kasvoivat ja \u00e4\u00e4ni madaltui. Eritt\u00e4in haukkuherkk\u00e4n\u00e4 neitosena jokainen tontille aikova saa vastaansa kumea\u00e4\u00e4nisen toivotuksen ja turbolla varustetun koiran.<\/p>\n<div class=\"kuvat\">\n<div id=\"attachment_213\" style=\"width: 510px\" class=\"wp-caption alignnone\"><a href=\"http:\/\/www.laurapennanen.fi\/wp-content\/uploads\/2018\/10\/Wilma-2016-02.13.-13.41.14.jpg\"><img loading=\"lazy\" decoding=\"async\" aria-describedby=\"caption-attachment-213\" class=\"wp-image-213\" src=\"http:\/\/www.laurapennanen.fi\/wp-content\/uploads\/2018\/10\/Wilma-2016-02.13.-13.41.14-1024x991.jpg\" alt=\"\" width=\"500\" height=\"484\" srcset=\"https:\/\/www.laurapennanen.fi\/wp-content\/uploads\/2018\/10\/Wilma-2016-02.13.-13.41.14-1024x991.jpg 1024w, https:\/\/www.laurapennanen.fi\/wp-content\/uploads\/2018\/10\/Wilma-2016-02.13.-13.41.14-300x290.jpg 300w, https:\/\/www.laurapennanen.fi\/wp-content\/uploads\/2018\/10\/Wilma-2016-02.13.-13.41.14-768x743.jpg 768w, https:\/\/www.laurapennanen.fi\/wp-content\/uploads\/2018\/10\/Wilma-2016-02.13.-13.41.14-624x604.jpg 624w, https:\/\/www.laurapennanen.fi\/wp-content\/uploads\/2018\/10\/Wilma-2016-02.13.-13.41.14.jpg 1242w\" sizes=\"auto, (max-width: 500px) 100vw, 500px\" \/><\/a><p id=\"caption-attachment-213\" class=\"wp-caption-text\">Sonorian Gerhilde, Wilma 22.10.2012<\/p><\/div>\n<\/div>\n<p>Wilma on kiltti, kuuliainen ja vauhdikas. Nuorempana se tuli vaivatta toimeen kaikkien koirien kanssa, sukupuoleen ja dominanssiin katsomatta. Huskylaumassa sen paras yst\u00e4v\u00e4 oli <a href=\"http:\/\/www.laurapennanen.fi\/?page_id=151\">Kiiki<\/a>. Mit\u00e4 vanhemmaksi Wilma tuli, sit\u00e4 istevarmempi siit\u00e4 tuli. Wilma oli kuitenkin Ricon varjossa ja tuntui usein vain hassun hauskalta koiralta. Ricon kuoltua kes\u00e4ll\u00e4 2018, Wilma alkoi muuttua. Wilmalle <a href=\"http:\/\/www.laurapennanen.fi\/?page_id=136\">Ricon<\/a> poisl\u00e4ht\u00f6 oli eritt\u00e4in kova paikka, olihan Wilma ollut koko el\u00e4m\u00e4ns\u00e4 Ricon kanssa. Wilma ik\u00e4\u00e4nkuin otti Ricon paikan lauman vartijana. Wilmasta alkoi ajamaan tontille eksyneit\u00e4 irtokoiria pois ja etenkin vieraat nartut muuttuivat sille uhkaksi.<\/p>\n<p>Pennuista Wilma pit\u00e4\u00e4 hyvin paljon, oli kyse sitten koiran- tai kissanpennuista. Kun Nappi tuli taloon syksyll\u00e4 2018, Wilma sai siit\u00e4 uuden yst\u00e4v\u00e4n sis\u00e4tiloihin. Laikun saapuessa loppukes\u00e4st\u00e4 2020, Wilma oli haltioissaan. H\u00e4nen pentu. Pentubuumi sai jatkoa vuoden p\u00e4\u00e4st\u00e4, loppukes\u00e4st\u00e4 2021, jolloin Wilma j\u00e4lleen sai &#8216;oman pennun&#8217; Minnist\u00e4. Wilma on eritt\u00e4in k\u00e4rsiv\u00e4llinen pentujen kanssa.<\/p>\n<p>Wilmalla on ollut syntym\u00e4st\u00e4\u00e4n asti oireeton spina bifida occulta eli neuraaliputken sulkeutumish\u00e4iri\u00f6 kahden viimeisen rintanikaman v\u00e4liss\u00e4. Talvella 2022 Wilman takajalkojen liikkeet alkoivat muuttua ja takap\u00e4\u00e4n asento laski. Lis\u00e4sin Wilman liikuntaan asentoharjoituksia mutta tila paheni talven aikana eik\u00e4 lenkit en\u00e4\u00e4 maistuneet. Liikunta on kuitenkin t\u00e4rke\u00e4\u00e4 selk\u00e4vaivaiselle, jotta jalkojen lihakset pysyv\u00e4t kunnnossa. Kev\u00e4\u00e4ll\u00e4 uimavesien auettua Wilman takajalkojen tilanne parani huomattavasti.<\/p>\n<p>Wilma k\u00e4vi ensimm\u00e4isell\u00e4 osteopatia k\u00e4ynnill\u00e4 hein\u00e4kuun 2022 alussa. Osteopaatti Aleksi Nikkinen k\u00e4vi Wilman rangan, lihaskalvot ja lihakset l\u00e4pi ja antoi ohjeita kotikuntoutukseen. Uimassa k\u00e4yd\u00e4\u00e4n jatkossakin l\u00e4hes p\u00e4ivitt\u00e4in meress\u00e4, tehd\u00e4\u00e4n yl\u00e4m\u00e4kitreenej\u00e4 ja loikitaan mets\u00e4ss\u00e4 ep\u00e4tasaisella alustalla antaen lihaksille t\u00f6it\u00e4. Wilma oli k\u00e4sittelyss\u00e4 oma itsens\u00e4, positiivinen ja iloinen, kuten aina. Seuraava k\u00e4ynti on reilun kuukauden p\u00e4\u00e4st\u00e4. Kun meren uimavedet sinilevittyv\u00e4t, siirrymme koirauimalaan Haminaan uimaan. Ensimm\u00e4inen aika on sinne elokuun alussa, l\u00e4hinn\u00e4 tutustutaan paikkaan Wilman ja Minnin kanssa. Lis\u00e4ksi varasin Wilmalle ohjattua vesimattojuoksua samaiseen Hyv\u00e4nmielen Koirakeskukseen. Ensimm\u00e4inen k\u00e4ynti siell\u00e4 on syyskuussa. Wilman tila koheni jo selke\u00e4sti ensimm\u00e4isen osteopatiak\u00e4sittelyn j\u00e4lkeen \ud83d\ude42<\/p>\n<p>Wilma sai voimakkaan ihotulehduksen hein\u00e4kuun lopulla. Sit\u00e4 hoidettiin ajamalla karvat ihottuma-alueelta, pit\u00e4m\u00e4ll\u00e4 alue puhtaana ja kuivana sek\u00e4 rasvaamalla sit\u00e4 Abilar-voiteella. Uimiset jouduttiin pit\u00e4m\u00e4\u00e4n tauolla kolmisen viikkoa. Osin t\u00e4h\u00e4n vaikutti my\u00f6s sinilev\u00e4 meress\u00e4, jolloin kukaan koirista ei tietenk\u00e4\u00e4n p\u00e4\u00e4ssyt uimaan. Hallille ei saa vied\u00e4 koiraa, jolla on ihossa tulehdus. Wilman takap\u00e4\u00e4n kuntoa koetettiin pit\u00e4\u00e4 hyv\u00e4n\u00e4 seisomistreenein ja aktivoimalla heikkoja tuntohermoja takajaloissa. Wilman paino putosi toista kiloa ja olin huolissani. Muutoin Wilma kyll\u00e4 oli pirte\u00e4, s\u00f6i ja leikki.<\/p>\n<p>Alkusyksyst\u00e4 2023, vastoin kaikkia faktoja, Wilman takajalkojen tila tuli paremmaksi. Ensin Wilma alkoi seisoskelemaan pidemp\u00e4\u00e4n ilman, ett\u00e4 takajalat putosivat alta. Sitten se alkoi k\u00e4vell\u00e4 enemm\u00e4n &#8216;suorin jaloin&#8217; my\u00f6s ulkona. Lihakset olivat tietysti olemattomat mutta talven lumien tultua Wilma p\u00e4\u00e4si p\u00e4ivitt\u00e4in hankeen voimistamaan takajalkojaan. Edelleen leikit ja ruoka maistuivat ja Wilma oli iloinen oma itsens\u00e4.<\/p>\n<p>Wilman kaltaista koiraa minulla ei ole ikin\u00e4 ollut. Sammumaton liike, iloisuus ja viekussa nukkuminen ovat Wilman tavaramerkit. Aina valmiina uusiin juttuihin, oli kyse sitten kissan naamanpesusta, uintireissusta tai veneilyst\u00e4. Wilman kanssa on ilo tehd\u00e4 my\u00f6s arkitottelevaisuuteen liittyvi\u00e4 treenej\u00e4. Viel\u00e4 edelleen, yli yhdeks\u00e4n vuotiaana, Wilma innostuu yhteisist\u00e4 harjoitustuokioista \ud83d\ude42<\/p>\n<div class=\"kuvat\">\n<div id=\"attachment_3214\" style=\"width: 635px\" class=\"wp-caption alignnone\"><a href=\"http:\/\/www.laurapennanen.fi\/wp-content\/uploads\/2019\/07\/Wilma-kotiutuu.jpg\"><img loading=\"lazy\" decoding=\"async\" aria-describedby=\"caption-attachment-3214\" class=\"wp-image-3214 size-large\" src=\"http:\/\/www.laurapennanen.fi\/wp-content\/uploads\/2019\/07\/Wilma-kotiutuu-1024x768.jpg\" alt=\"\" width=\"625\" height=\"469\" srcset=\"https:\/\/www.laurapennanen.fi\/wp-content\/uploads\/2019\/07\/Wilma-kotiutuu-1024x768.jpg 1024w, https:\/\/www.laurapennanen.fi\/wp-content\/uploads\/2019\/07\/Wilma-kotiutuu-300x225.jpg 300w, https:\/\/www.laurapennanen.fi\/wp-content\/uploads\/2019\/07\/Wilma-kotiutuu-768x576.jpg 768w, https:\/\/www.laurapennanen.fi\/wp-content\/uploads\/2019\/07\/Wilma-kotiutuu-624x468.jpg 624w, https:\/\/www.laurapennanen.fi\/wp-content\/uploads\/2019\/07\/Wilma-kotiutuu.jpg 1280w\" sizes=\"auto, (max-width: 625px) 100vw, 625px\" \/><\/a><p id=\"caption-attachment-3214\" class=\"wp-caption-text\">Wilma jouluna 2012, juuri kotiutuneena pentuna.<\/p><\/div>\n<\/div>\n<div class=\"kuvatkapeampi\">\n<div id=\"attachment_3213\" style=\"width: 635px\" class=\"wp-caption alignnone\"><a href=\"http:\/\/www.laurapennanen.fi\/wp-content\/uploads\/2019\/07\/Wilma-16.8.2013.jpg\"><img loading=\"lazy\" decoding=\"async\" aria-describedby=\"caption-attachment-3213\" class=\"wp-image-3213 size-large\" src=\"http:\/\/www.laurapennanen.fi\/wp-content\/uploads\/2019\/07\/Wilma-16.8.2013-768x1024.jpg\" alt=\"\" width=\"625\" height=\"833\" srcset=\"https:\/\/www.laurapennanen.fi\/wp-content\/uploads\/2019\/07\/Wilma-16.8.2013-768x1024.jpg 768w, https:\/\/www.laurapennanen.fi\/wp-content\/uploads\/2019\/07\/Wilma-16.8.2013-225x300.jpg 225w, https:\/\/www.laurapennanen.fi\/wp-content\/uploads\/2019\/07\/Wilma-16.8.2013-624x832.jpg 624w, https:\/\/www.laurapennanen.fi\/wp-content\/uploads\/2019\/07\/Wilma-16.8.2013.jpg 960w\" sizes=\"auto, (max-width: 625px) 100vw, 625px\" \/><\/a><p id=\"caption-attachment-3213\" class=\"wp-caption-text\">Wilma 10 kuukauden ik\u00e4isen\u00e4 syksyll\u00e4 2013. On korvia ja jalkaa&#8230;<\/p><\/div>\n<\/div>\n<div class=\"kuvat\">\n<div id=\"attachment_4157\" style=\"width: 635px\" class=\"wp-caption alignnone\"><a href=\"http:\/\/www.laurapennanen.fi\/wp-content\/uploads\/2020\/01\/Wilman-kynnet.jpg\"><img loading=\"lazy\" decoding=\"async\" aria-describedby=\"caption-attachment-4157\" class=\"wp-image-4157 size-large\" src=\"http:\/\/www.laurapennanen.fi\/wp-content\/uploads\/2020\/01\/Wilman-kynnet-1024x768.jpg\" alt=\"\" width=\"625\" height=\"469\" srcset=\"https:\/\/www.laurapennanen.fi\/wp-content\/uploads\/2020\/01\/Wilman-kynnet-1024x768.jpg 1024w, https:\/\/www.laurapennanen.fi\/wp-content\/uploads\/2020\/01\/Wilman-kynnet-300x225.jpg 300w, https:\/\/www.laurapennanen.fi\/wp-content\/uploads\/2020\/01\/Wilman-kynnet-768x576.jpg 768w, https:\/\/www.laurapennanen.fi\/wp-content\/uploads\/2020\/01\/Wilman-kynnet-1536x1152.jpg 1536w, https:\/\/www.laurapennanen.fi\/wp-content\/uploads\/2020\/01\/Wilman-kynnet-624x468.jpg 624w, https:\/\/www.laurapennanen.fi\/wp-content\/uploads\/2020\/01\/Wilman-kynnet.jpg 1824w\" sizes=\"auto, (max-width: 625px) 100vw, 625px\" \/><\/a><p id=\"caption-attachment-4157\" class=\"wp-caption-text\">Wilma manikyyriss\u00e4 8.2.2015 lenkin j\u00e4lkeen.<\/p><\/div>\n<\/div>\n<div class=\"kuvat\">\n<div id=\"attachment_4166\" style=\"width: 635px\" class=\"wp-caption alignnone\"><a href=\"http:\/\/www.laurapennanen.fi\/wp-content\/uploads\/2020\/01\/Saksanpaimenkoiratanssi.jpg\"><img loading=\"lazy\" decoding=\"async\" aria-describedby=\"caption-attachment-4166\" class=\"wp-image-4166 size-large\" src=\"http:\/\/www.laurapennanen.fi\/wp-content\/uploads\/2020\/01\/Saksanpaimenkoiratanssi-1024x1014.jpg\" alt=\"\" width=\"625\" height=\"619\" srcset=\"https:\/\/www.laurapennanen.fi\/wp-content\/uploads\/2020\/01\/Saksanpaimenkoiratanssi-1024x1014.jpg 1024w, https:\/\/www.laurapennanen.fi\/wp-content\/uploads\/2020\/01\/Saksanpaimenkoiratanssi-300x297.jpg 300w, https:\/\/www.laurapennanen.fi\/wp-content\/uploads\/2020\/01\/Saksanpaimenkoiratanssi-150x150.jpg 150w, https:\/\/www.laurapennanen.fi\/wp-content\/uploads\/2020\/01\/Saksanpaimenkoiratanssi-768x761.jpg 768w, https:\/\/www.laurapennanen.fi\/wp-content\/uploads\/2020\/01\/Saksanpaimenkoiratanssi-624x618.jpg 624w, https:\/\/www.laurapennanen.fi\/wp-content\/uploads\/2020\/01\/Saksanpaimenkoiratanssi.jpg 1173w\" sizes=\"auto, (max-width: 625px) 100vw, 625px\" \/><\/a><p id=\"caption-attachment-4166\" class=\"wp-caption-text\">Ricon ja Wilman \u00e4\u00e4nek\u00e4st\u00e4 \u00e4hin\u00e4\u00e4. T\u00e4m\u00e4 n\u00e4ytt\u00e4\u00e4 kovemmalta touhulta kuin lopulta onkaan.<\/p><\/div>\n<\/div>\n<div class=\"kuvat\">\n<div id=\"attachment_4198\" style=\"width: 635px\" class=\"wp-caption alignnone\"><a href=\"http:\/\/www.laurapennanen.fi\/wp-content\/uploads\/2020\/02\/Wilma-nukkuu.jpg\"><img loading=\"lazy\" decoding=\"async\" aria-describedby=\"caption-attachment-4198\" class=\"wp-image-4198 size-large\" src=\"http:\/\/www.laurapennanen.fi\/wp-content\/uploads\/2020\/02\/Wilma-nukkuu-1024x768.jpg\" alt=\"\" width=\"625\" height=\"469\" srcset=\"https:\/\/www.laurapennanen.fi\/wp-content\/uploads\/2020\/02\/Wilma-nukkuu-1024x768.jpg 1024w, https:\/\/www.laurapennanen.fi\/wp-content\/uploads\/2020\/02\/Wilma-nukkuu-300x225.jpg 300w, https:\/\/www.laurapennanen.fi\/wp-content\/uploads\/2020\/02\/Wilma-nukkuu-768x576.jpg 768w, https:\/\/www.laurapennanen.fi\/wp-content\/uploads\/2020\/02\/Wilma-nukkuu-1536x1152.jpg 1536w, https:\/\/www.laurapennanen.fi\/wp-content\/uploads\/2020\/02\/Wilma-nukkuu-624x468.jpg 624w, https:\/\/www.laurapennanen.fi\/wp-content\/uploads\/2020\/02\/Wilma-nukkuu.jpg 1984w\" sizes=\"auto, (max-width: 625px) 100vw, 625px\" \/><\/a><p id=\"caption-attachment-4198\" class=\"wp-caption-text\">Ikiliikkujakin nukkuu v\u00e4lill\u00e4, Wilma tyytyv\u00e4isen\u00e4 s\u00e4ngyll\u00e4 25.2.2019.<\/p><\/div>\n<\/div>\n<div class=\"kuvat\">\n<div id=\"attachment_3216\" style=\"width: 635px\" class=\"wp-caption alignnone\"><a href=\"http:\/\/www.laurapennanen.fi\/wp-content\/uploads\/2019\/07\/Wilma-ja-keppi-2.jpg\"><img loading=\"lazy\" decoding=\"async\" aria-describedby=\"caption-attachment-3216\" class=\"wp-image-3216 size-large\" src=\"http:\/\/www.laurapennanen.fi\/wp-content\/uploads\/2019\/07\/Wilma-ja-keppi-2-1024x830.jpg\" alt=\"\" width=\"625\" height=\"507\" srcset=\"https:\/\/www.laurapennanen.fi\/wp-content\/uploads\/2019\/07\/Wilma-ja-keppi-2-1024x830.jpg 1024w, https:\/\/www.laurapennanen.fi\/wp-content\/uploads\/2019\/07\/Wilma-ja-keppi-2-300x243.jpg 300w, https:\/\/www.laurapennanen.fi\/wp-content\/uploads\/2019\/07\/Wilma-ja-keppi-2-768x623.jpg 768w, https:\/\/www.laurapennanen.fi\/wp-content\/uploads\/2019\/07\/Wilma-ja-keppi-2-624x506.jpg 624w, https:\/\/www.laurapennanen.fi\/wp-content\/uploads\/2019\/07\/Wilma-ja-keppi-2.jpg 1156w\" sizes=\"auto, (max-width: 625px) 100vw, 625px\" \/><\/a><p id=\"caption-attachment-3216\" class=\"wp-caption-text\">Keppi koiran egoa my\u00f6ten. Wilma maaliskuun lumilla lenkill\u00e4.<\/p><\/div>\n<\/div>\n<div class=\"kuvat\">\n<div id=\"attachment_3212\" style=\"width: 635px\" class=\"wp-caption alignnone\"><a href=\"http:\/\/www.laurapennanen.fi\/wp-content\/uploads\/2019\/07\/Wilma-ja-keppi.jpg\"><img loading=\"lazy\" decoding=\"async\" aria-describedby=\"caption-attachment-3212\" class=\"wp-image-3212 size-large\" src=\"http:\/\/www.laurapennanen.fi\/wp-content\/uploads\/2019\/07\/Wilma-ja-keppi-1024x683.jpg\" alt=\"\" width=\"625\" height=\"417\" srcset=\"https:\/\/www.laurapennanen.fi\/wp-content\/uploads\/2019\/07\/Wilma-ja-keppi-1024x683.jpg 1024w, https:\/\/www.laurapennanen.fi\/wp-content\/uploads\/2019\/07\/Wilma-ja-keppi-300x200.jpg 300w, https:\/\/www.laurapennanen.fi\/wp-content\/uploads\/2019\/07\/Wilma-ja-keppi-768x512.jpg 768w, https:\/\/www.laurapennanen.fi\/wp-content\/uploads\/2019\/07\/Wilma-ja-keppi-624x416.jpg 624w, https:\/\/www.laurapennanen.fi\/wp-content\/uploads\/2019\/07\/Wilma-ja-keppi.jpg 1843w\" sizes=\"auto, (max-width: 625px) 100vw, 625px\" \/><\/a><p id=\"caption-attachment-3212\" class=\"wp-caption-text\">Mielipuuhissa 16.4.2019 kotipihassa.<\/p><\/div>\n<\/div>\n<div class=\"kuvat\">\n<div id=\"attachment_4050\" style=\"width: 635px\" class=\"wp-caption alignnone\"><a href=\"http:\/\/www.laurapennanen.fi\/wp-content\/uploads\/2019\/12\/Wilma-tarkkailee.jpg\"><img loading=\"lazy\" decoding=\"async\" aria-describedby=\"caption-attachment-4050\" class=\"wp-image-4050 size-large\" src=\"http:\/\/www.laurapennanen.fi\/wp-content\/uploads\/2019\/12\/Wilma-tarkkailee-1024x782.jpg\" alt=\"\" width=\"625\" height=\"477\" srcset=\"https:\/\/www.laurapennanen.fi\/wp-content\/uploads\/2019\/12\/Wilma-tarkkailee-1024x782.jpg 1024w, https:\/\/www.laurapennanen.fi\/wp-content\/uploads\/2019\/12\/Wilma-tarkkailee-300x229.jpg 300w, https:\/\/www.laurapennanen.fi\/wp-content\/uploads\/2019\/12\/Wilma-tarkkailee-768x586.jpg 768w, https:\/\/www.laurapennanen.fi\/wp-content\/uploads\/2019\/12\/Wilma-tarkkailee-1536x1173.jpg 1536w, https:\/\/www.laurapennanen.fi\/wp-content\/uploads\/2019\/12\/Wilma-tarkkailee-624x476.jpg 624w, https:\/\/www.laurapennanen.fi\/wp-content\/uploads\/2019\/12\/Wilma-tarkkailee.jpg 1810w\" sizes=\"auto, (max-width: 625px) 100vw, 625px\" \/><\/a><p id=\"caption-attachment-4050\" class=\"wp-caption-text\">Wilma rannassa 30.11.2019 odottelemassa, ett\u00e4 saadaan kone l\u00e4mpim\u00e4ksi Marussa.<\/p><\/div>\n<\/div>\n<div class=\"kuvat\">\n<div id=\"attachment_4346\" style=\"width: 635px\" class=\"wp-caption alignnone\"><a href=\"http:\/\/www.laurapennanen.fi\/wp-content\/uploads\/2020\/03\/Wilma-merell\u00e4.jpg\"><img loading=\"lazy\" decoding=\"async\" aria-describedby=\"caption-attachment-4346\" class=\"wp-image-4346 size-large\" src=\"http:\/\/www.laurapennanen.fi\/wp-content\/uploads\/2020\/03\/Wilma-merell\u00e4-1024x837.jpg\" alt=\"\" width=\"625\" height=\"511\" srcset=\"https:\/\/www.laurapennanen.fi\/wp-content\/uploads\/2020\/03\/Wilma-merell\u00e4-1024x837.jpg 1024w, https:\/\/www.laurapennanen.fi\/wp-content\/uploads\/2020\/03\/Wilma-merell\u00e4-300x245.jpg 300w, https:\/\/www.laurapennanen.fi\/wp-content\/uploads\/2020\/03\/Wilma-merell\u00e4-768x628.jpg 768w, https:\/\/www.laurapennanen.fi\/wp-content\/uploads\/2020\/03\/Wilma-merell\u00e4-1536x1256.jpg 1536w, https:\/\/www.laurapennanen.fi\/wp-content\/uploads\/2020\/03\/Wilma-merell\u00e4-624x510.jpg 624w, https:\/\/www.laurapennanen.fi\/wp-content\/uploads\/2020\/03\/Wilma-merell\u00e4.jpg 1835w\" sizes=\"auto, (max-width: 625px) 100vw, 625px\" \/><\/a><p id=\"caption-attachment-4346\" class=\"wp-caption-text\">Wilma nautiskelee kev\u00e4isest\u00e4 meri-ilmasta Marussa 27.3.2020.<\/p><\/div>\n<\/div>\n<div class=\"kuvat\">\n<div id=\"attachment_4581\" style=\"width: 635px\" class=\"wp-caption alignnone\"><a href=\"http:\/\/www.laurapennanen.fi\/wp-content\/uploads\/2020\/06\/Wilma-ui.jpg\"><img loading=\"lazy\" decoding=\"async\" aria-describedby=\"caption-attachment-4581\" class=\"wp-image-4581 size-large\" src=\"http:\/\/www.laurapennanen.fi\/wp-content\/uploads\/2020\/06\/Wilma-ui-1024x683.jpg\" alt=\"\" width=\"625\" height=\"417\" srcset=\"https:\/\/www.laurapennanen.fi\/wp-content\/uploads\/2020\/06\/Wilma-ui-1024x683.jpg 1024w, https:\/\/www.laurapennanen.fi\/wp-content\/uploads\/2020\/06\/Wilma-ui-300x200.jpg 300w, https:\/\/www.laurapennanen.fi\/wp-content\/uploads\/2020\/06\/Wilma-ui-768x512.jpg 768w, https:\/\/www.laurapennanen.fi\/wp-content\/uploads\/2020\/06\/Wilma-ui-1536x1025.jpg 1536w, https:\/\/www.laurapennanen.fi\/wp-content\/uploads\/2020\/06\/Wilma-ui-624x416.jpg 624w, https:\/\/www.laurapennanen.fi\/wp-content\/uploads\/2020\/06\/Wilma-ui.jpg 2009w\" sizes=\"auto, (max-width: 625px) 100vw, 625px\" \/><\/a><p id=\"caption-attachment-4581\" class=\"wp-caption-text\">Hurrrrjan hauskoja n\u00e4\u00e4 vesileikit, tuumaa Wilma 7.6.2020 omassa rannassa.<\/p><\/div>\n<\/div>\n<p><a href=\"http:\/\/www.laurapennanen.fi\/?page_id=86#Meid\u00e4n lauma\">\u21d0 Palaa koirat-sivulle<\/a><\/p>\n","protected":false},"excerpt":{"rendered":"<p>Sonorian Gerhilde &#8216;Wilma&#8217; s. 22.10.2012. Pikkuinen Wilma saapui syliini jouluksi 2012. Sen olemus her\u00e4tti alusta asti hilpeytt\u00e4 suurine korvineen ja \u00e4\u00e4nekk\u00e4ine haukkuineen. Wilma on pit\u00e4nyt tyylins\u00e4 aikuiseksi asti. Korvat kasvoivat ja \u00e4\u00e4ni madaltui. Eritt\u00e4in haukkuherkk\u00e4n\u00e4 neitosena jokainen tontille aikova saa vastaansa kumea\u00e4\u00e4nisen toivotuksen ja turbolla varustetun koiran. Wilma on kiltti, kuuliainen ja vauhdikas. Nuorempana se [&hellip;]<\/p>\n","protected":false},"author":1,"featured_media":0,"parent":86,"menu_order":0,"comment_status":"closed","ping_status":"closed","template":"page-templates\/full-width.php","meta":{"footnotes":""},"class_list":["post-157","page","type-page","status-publish","hentry"],"_links":{"self":[{"href":"https:\/\/www.laurapennanen.fi\/index.php?rest_route=\/wp\/v2\/pages\/157","targetHints":{"allow":["GET"]}}],"collection":[{"href":"https:\/\/www.laurapennanen.fi\/index.php?rest_route=\/wp\/v2\/pages"}],"about":[{"href":"https:\/\/www.laurapennanen.fi\/index.php?rest_route=\/wp\/v2\/types\/page"}],"author":[{"embeddable":true,"href":"https:\/\/www.laurapennanen.fi\/index.php?rest_route=\/wp\/v2\/users\/1"}],"replies":[{"embeddable":true,"href":"https:\/\/www.laurapennanen.fi\/index.php?rest_route=%2Fwp%2Fv2%2Fcomments&post=157"}],"version-history":[{"count":24,"href":"https:\/\/www.laurapennanen.fi\/index.php?rest_route=\/wp\/v2\/pages\/157\/revisions"}],"predecessor-version":[{"id":5760,"href":"https:\/\/www.laurapennanen.fi\/index.php?rest_route=\/wp\/v2\/pages\/157\/revisions\/5760"}],"up":[{"embeddable":true,"href":"https:\/\/www.laurapennanen.fi\/index.php?rest_route=\/wp\/v2\/pages\/86"}],"wp:attachment":[{"href":"https:\/\/www.laurapennanen.fi\/index.php?rest_route=%2Fwp%2Fv2%2Fmedia&parent=157"}],"curies":[{"name":"wp","href":"https:\/\/api.w.org\/{rel}","templated":true}]}}