{"id":2665,"date":"2019-05-11T17:31:45","date_gmt":"2019-05-11T15:31:45","guid":{"rendered":"http:\/\/www.laurapennanen.fi\/?page_id=2665"},"modified":"2019-05-11T17:47:22","modified_gmt":"2019-05-11T15:47:22","slug":"andrea-bocelli","status":"publish","type":"page","link":"https:\/\/www.laurapennanen.fi\/?page_id=2665","title":{"rendered":"Andrea Bocelli"},"content":{"rendered":"<p><strong>Andrea Bocelli<\/strong> on maailmankuulu italialainen tenori, jonka ohjelmistoon kuuluu monipuolisesti oopperamusiikkia ja my\u00f6s kevyempi\u00e4 kappaleita. Bocelli on syntynyt 22.9.1958 Toscanassa. H\u00e4n on sairastanut syntym\u00e4st\u00e4\u00e4n asti glaukoomaa ja sokeutui 12-vuotiaana jalkapallon iskusta p\u00e4\u00e4h\u00e4n.<\/p>\n<div class=\"kuvat\">\n<div id=\"attachment_2669\" style=\"width: 635px\" class=\"wp-caption alignnone\"><a href=\"http:\/\/www.laurapennanen.fi\/wp-content\/uploads\/2019\/05\/Andrea-Bocelli-ja-Saara-Aalto.jpg\"><img loading=\"lazy\" decoding=\"async\" aria-describedby=\"caption-attachment-2669\" class=\"wp-image-2669 size-large\" src=\"http:\/\/www.laurapennanen.fi\/wp-content\/uploads\/2019\/05\/Andrea-Bocelli-ja-Saara-Aalto-1024x768.jpg\" alt=\"\" width=\"625\" height=\"469\" srcset=\"https:\/\/www.laurapennanen.fi\/wp-content\/uploads\/2019\/05\/Andrea-Bocelli-ja-Saara-Aalto-1024x768.jpg 1024w, https:\/\/www.laurapennanen.fi\/wp-content\/uploads\/2019\/05\/Andrea-Bocelli-ja-Saara-Aalto-300x225.jpg 300w, https:\/\/www.laurapennanen.fi\/wp-content\/uploads\/2019\/05\/Andrea-Bocelli-ja-Saara-Aalto-768x576.jpg 768w, https:\/\/www.laurapennanen.fi\/wp-content\/uploads\/2019\/05\/Andrea-Bocelli-ja-Saara-Aalto-624x468.jpg 624w, https:\/\/www.laurapennanen.fi\/wp-content\/uploads\/2019\/05\/Andrea-Bocelli-ja-Saara-Aalto.jpg 1457w\" sizes=\"auto, (max-width: 625px) 100vw, 625px\" \/><\/a><p id=\"caption-attachment-2669\" class=\"wp-caption-text\">Andrea Bocelli ja Saara Aalto 25.1.2015 Helsingiss\u00e4.<\/p><\/div>\n<\/div>\n<p>Tutustuin Bocelliin sattumalta, kun etsin kappaleen Con Te Partiro sanoja netist\u00e4. T\u00f6rm\u00e4sin videoon, jossa Bocelli laulaa kyseisen kappaleen sopraano Sarah Brightmanin kanssa. Minuun vetosi heti Andrean puhdas laulu\u00e4\u00e4ni, huikaiseva esiintyminen sokeana sek\u00e4 n\u00f6yryys, joka h\u00e4nen hymyst\u00e4\u00e4n n\u00e4kyi aplodien raikuessa esityksen j\u00e4lkeen. Videon katselun j\u00e4lkeen aloin etsi\u00e4 lis\u00e4\u00e4 Bocellin esitt\u00e4mi\u00e4 kappaleita ja pian my\u00f6s huomasin olevani Bocellin cd:n omistaja. Olen my\u00f6s n\u00e4hnyt Bocellin esiintymisen liven\u00e4 Helsingiss\u00e4, kun h\u00e4n konsertoi Hartwall areenalla. H\u00e4ness\u00e4 kiehtoo my\u00f6s italiankieli, josta pid\u00e4n. Bocelli on sokeudestaan huolimatta, tai ehk\u00e4p\u00e4 juuri siksi, lahjakas monitaituri mm. laulamiensa kielten suhteen. Pohdin usein, miten sokea ihminen opiskelee vieraita kieli\u00e4. Bocelli my\u00f6s harrastaa ratsastusta ja vesihiihtoa. H\u00e4n on er\u00e4\u00e4ss\u00e4 haastattelussa sanonut, ett\u00e4 &#8216;Pelko on aivan turha este, se on vain jarruna el\u00e4m\u00e4nkokemuksille.&#8217; Andrea Bocellista huokuu ulosp\u00e4in yst\u00e4v\u00e4llinen, p\u00e4\u00e4tt\u00e4v\u00e4inen ja lahjakas artisti. H\u00e4n on esimerkkin\u00e4 meille kaikille siit\u00e4, ett\u00e4 vaikeudet ovat voitettavissa. Bocellin laulamista kuunnellessani tiedonhaluni eri oopperoista on kasvanut huimasti. Samaten olen opiskellut hieman italiaa, ja laulan itse Bocellin esitt\u00e4mi\u00e4 kappaleita, italiaksi tietenkin \ud83d\ude42<\/p>\n<h2>Ulkoisia linkkej\u00e4<\/h2>\n<ul style=\"float: left; list-style-type: disc;\">\n<li><a href=\"http:\/\/www.andreabocelli.com\/\" target=\"_blank\" rel=\"noopener noreferrer\">Andrea Bocelli<\/a><\/li>\n<\/ul>\n<p style=\"clear: both;\"><a href=\"http:\/\/www.laurapennanen.fi\/?page_id=115\">\u21d0 Palaa Musiikki-sivustoon<\/a><\/p>\n","protected":false},"excerpt":{"rendered":"<p>Andrea Bocelli on maailmankuulu italialainen tenori, jonka ohjelmistoon kuuluu monipuolisesti oopperamusiikkia ja my\u00f6s kevyempi\u00e4 kappaleita. Bocelli on syntynyt 22.9.1958 Toscanassa. H\u00e4n on sairastanut syntym\u00e4st\u00e4\u00e4n asti glaukoomaa ja sokeutui 12-vuotiaana jalkapallon iskusta p\u00e4\u00e4h\u00e4n. Tutustuin Bocelliin sattumalta, kun etsin kappaleen Con Te Partiro sanoja netist\u00e4. T\u00f6rm\u00e4sin videoon, jossa Bocelli laulaa kyseisen kappaleen sopraano Sarah Brightmanin kanssa. Minuun [&hellip;]<\/p>\n","protected":false},"author":1,"featured_media":0,"parent":115,"menu_order":0,"comment_status":"closed","ping_status":"closed","template":"page-templates\/full-width.php","meta":{"footnotes":""},"class_list":["post-2665","page","type-page","status-publish","hentry"],"_links":{"self":[{"href":"https:\/\/www.laurapennanen.fi\/index.php?rest_route=\/wp\/v2\/pages\/2665","targetHints":{"allow":["GET"]}}],"collection":[{"href":"https:\/\/www.laurapennanen.fi\/index.php?rest_route=\/wp\/v2\/pages"}],"about":[{"href":"https:\/\/www.laurapennanen.fi\/index.php?rest_route=\/wp\/v2\/types\/page"}],"author":[{"embeddable":true,"href":"https:\/\/www.laurapennanen.fi\/index.php?rest_route=\/wp\/v2\/users\/1"}],"replies":[{"embeddable":true,"href":"https:\/\/www.laurapennanen.fi\/index.php?rest_route=%2Fwp%2Fv2%2Fcomments&post=2665"}],"version-history":[{"count":4,"href":"https:\/\/www.laurapennanen.fi\/index.php?rest_route=\/wp\/v2\/pages\/2665\/revisions"}],"predecessor-version":[{"id":2671,"href":"https:\/\/www.laurapennanen.fi\/index.php?rest_route=\/wp\/v2\/pages\/2665\/revisions\/2671"}],"up":[{"embeddable":true,"href":"https:\/\/www.laurapennanen.fi\/index.php?rest_route=\/wp\/v2\/pages\/115"}],"wp:attachment":[{"href":"https:\/\/www.laurapennanen.fi\/index.php?rest_route=%2Fwp%2Fv2%2Fmedia&parent=2665"}],"curies":[{"name":"wp","href":"https:\/\/api.w.org\/{rel}","templated":true}]}}

<p><strong>Andrea Bocelli</strong> on maailmankuulu italialainen tenori, jonka ohjelmistoon kuuluu monipuolisesti oopperamusiikkia ja myös kevyempiä kappaleita. Bocelli on syntynyt 22.9.1958 Toscanassa. Hän on sairastanut syntymästään asti glaukoomaa ja sokeutui 12-vuotiaana jalkapallon iskusta päähän.</p>
<div class="kuvat">
<div id="attachment_2669" style="width: 635px" class="wp-caption alignnone"><a href="http://www.laurapennanen.fi/wp-content/uploads/2019/05/Andrea-Bocelli-ja-Saara-Aalto.jpg"><img loading="lazy" decoding="async" aria-describedby="caption-attachment-2669" class="wp-image-2669 size-large" src="http://www.laurapennanen.fi/wp-content/uploads/2019/05/Andrea-Bocelli-ja-Saara-Aalto-1024x768.jpg" alt="" width="625" height="469" srcset="https://www.laurapennanen.fi/wp-content/uploads/2019/05/Andrea-Bocelli-ja-Saara-Aalto-1024x768.jpg 1024w, https://www.laurapennanen.fi/wp-content/uploads/2019/05/Andrea-Bocelli-ja-Saara-Aalto-300x225.jpg 300w, https://www.laurapennanen.fi/wp-content/uploads/2019/05/Andrea-Bocelli-ja-Saara-Aalto-768x576.jpg 768w, https://www.laurapennanen.fi/wp-content/uploads/2019/05/Andrea-Bocelli-ja-Saara-Aalto-624x468.jpg 624w, https://www.laurapennanen.fi/wp-content/uploads/2019/05/Andrea-Bocelli-ja-Saara-Aalto.jpg 1457w" sizes="auto, (max-width: 625px) 100vw, 625px" /></a><p id="caption-attachment-2669" class="wp-caption-text">Andrea Bocelli ja Saara Aalto 25.1.2015 Helsingissä.</p></div>
</div>
<p>Tutustuin Bocelliin sattumalta, kun etsin kappaleen Con Te Partiro sanoja netistä. Törmäsin videoon, jossa Bocelli laulaa kyseisen kappaleen sopraano Sarah Brightmanin kanssa. Minuun vetosi heti Andrean puhdas lauluääni, huikaiseva esiintyminen sokeana sekä nöyryys, joka hänen hymystään näkyi aplodien raikuessa esityksen jälkeen. Videon katselun jälkeen aloin etsiä lisää Bocellin esittämiä kappaleita ja pian myös huomasin olevani Bocellin cd:n omistaja. Olen myös nähnyt Bocellin esiintymisen livenä Helsingissä, kun hän konsertoi Hartwall areenalla. Hänessä kiehtoo myös italiankieli, josta pidän. Bocelli on sokeudestaan huolimatta, tai ehkäpä juuri siksi, lahjakas monitaituri mm. laulamiensa kielten suhteen. Pohdin usein, miten sokea ihminen opiskelee vieraita kieliä. Bocelli myös harrastaa ratsastusta ja vesihiihtoa. Hän on eräässä haastattelussa sanonut, että &#8216;Pelko on aivan turha este, se on vain jarruna elämänkokemuksille.&#8217; Andrea Bocellista huokuu ulospäin ystävällinen, päättäväinen ja lahjakas artisti. Hän on esimerkkinä meille kaikille siitä, että vaikeudet ovat voitettavissa. Bocellin laulamista kuunnellessani tiedonhaluni eri oopperoista on kasvanut huimasti. Samaten olen opiskellut hieman italiaa, ja laulan itse Bocellin esittämiä kappaleita, italiaksi tietenkin 🙂</p>
<h2>Ulkoisia linkkejä</h2>
<ul style="float: left; list-style-type: disc;">
<li><a href="http://www.andreabocelli.com/" target="_blank" rel="noopener noreferrer">Andrea Bocelli</a></li>
</ul>
<p style="clear: both;"><a href="http://www.laurapennanen.fi/?page_id=115">⇐ Palaa Musiikki-sivustoon</a></p>

<p>Andrea Bocelli on maailmankuulu italialainen tenori, jonka ohjelmistoon kuuluu monipuolisesti oopperamusiikkia ja myös kevyempiä kappaleita. Bocelli on syntynyt 22.9.1958 Toscanassa. Hän on sairastanut syntymästään asti glaukoomaa ja sokeutui 12-vuotiaana jalkapallon iskusta päähän. Tutustuin Bocelliin sattumalta, kun etsin kappaleen Con Te Partiro sanoja netistä. Törmäsin videoon, jossa Bocelli laulaa kyseisen kappaleen sopraano Sarah Brightmanin kanssa. Minuun [&hellip;]</p>
