{"id":3026,"date":"2019-06-22T18:51:57","date_gmt":"2019-06-22T16:51:57","guid":{"rendered":"http:\/\/www.laurapennanen.fi\/?page_id=3026"},"modified":"2020-11-25T17:48:01","modified_gmt":"2020-11-25T15:48:01","slug":"okyveneet","status":"publish","type":"page","link":"https:\/\/www.laurapennanen.fi\/?page_id=3026","title":{"rendered":"\u00d6kyveneet"},"content":{"rendered":"<p>\u00d6kyveneet, veneilyn kummajaiset. Omakotitalon varustuksella topatut muskeliveneet, joilla tavallinen kansalainen ajaa vain kes\u00e4lomarahoillaan. N\u00e4it\u00e4 komistuksia tulee vastaan s\u00e4\u00e4nn\u00f6llisesti merell\u00e4 ja niit\u00e4 l\u00f6ytyy ihailtavaksi niin Sapokan pienvenesatamasta kuin muistakin Kotkan satamista.<\/p>\n<div class=\"kuvat\">\n<div id=\"attachment_3286\" style=\"width: 635px\" class=\"wp-caption alignnone\"><a href=\"http:\/\/www.laurapennanen.fi\/wp-content\/uploads\/2019\/07\/Cinderella-Noel-III.jpg\"><img loading=\"lazy\" decoding=\"async\" aria-describedby=\"caption-attachment-3286\" class=\"wp-image-3286 size-large\" src=\"http:\/\/www.laurapennanen.fi\/wp-content\/uploads\/2019\/07\/Cinderella-Noel-III-1024x768.jpg\" alt=\"\" width=\"625\" height=\"469\" srcset=\"https:\/\/www.laurapennanen.fi\/wp-content\/uploads\/2019\/07\/Cinderella-Noel-III-1024x768.jpg 1024w, https:\/\/www.laurapennanen.fi\/wp-content\/uploads\/2019\/07\/Cinderella-Noel-III-300x225.jpg 300w, https:\/\/www.laurapennanen.fi\/wp-content\/uploads\/2019\/07\/Cinderella-Noel-III-768x576.jpg 768w, https:\/\/www.laurapennanen.fi\/wp-content\/uploads\/2019\/07\/Cinderella-Noel-III-624x468.jpg 624w, https:\/\/www.laurapennanen.fi\/wp-content\/uploads\/2019\/07\/Cinderella-Noel-III.jpg 2000w\" sizes=\"auto, (max-width: 625px) 100vw, 625px\" \/><\/a><p id=\"caption-attachment-3286\" class=\"wp-caption-text\">Sveitsil\u00e4isomisteinen Cinderella Noel III matkalla kohti Ruotsinsalmenv\u00e4yl\u00e4\u00e4 19.7.2019.<\/p><\/div>\n<\/div>\n<div class=\"kuvat\">\n<div id=\"attachment_3241\" style=\"width: 635px\" class=\"wp-caption alignnone\"><a href=\"http:\/\/www.laurapennanen.fi\/wp-content\/uploads\/2019\/07\/Zeppeliini.jpg\"><img loading=\"lazy\" decoding=\"async\" aria-describedby=\"caption-attachment-3241\" class=\"wp-image-3241 size-large\" src=\"http:\/\/www.laurapennanen.fi\/wp-content\/uploads\/2019\/07\/Zeppeliini-1024x769.jpg\" alt=\"\" width=\"625\" height=\"469\" srcset=\"https:\/\/www.laurapennanen.fi\/wp-content\/uploads\/2019\/07\/Zeppeliini-1024x769.jpg 1024w, https:\/\/www.laurapennanen.fi\/wp-content\/uploads\/2019\/07\/Zeppeliini-300x225.jpg 300w, https:\/\/www.laurapennanen.fi\/wp-content\/uploads\/2019\/07\/Zeppeliini-768x577.jpg 768w, https:\/\/www.laurapennanen.fi\/wp-content\/uploads\/2019\/07\/Zeppeliini-624x469.jpg 624w, https:\/\/www.laurapennanen.fi\/wp-content\/uploads\/2019\/07\/Zeppeliini.jpg 1920w\" sizes=\"auto, (max-width: 625px) 100vw, 625px\" \/><\/a><p id=\"caption-attachment-3241\" class=\"wp-caption-text\">Zeppeliini Sapokassa 14.7.2019.<\/p><\/div>\n<\/div>\n<div class=\"kuvat\">\n<div id=\"attachment_4402\" style=\"width: 635px\" class=\"wp-caption alignnone\"><a href=\"http:\/\/www.laurapennanen.fi\/wp-content\/uploads\/2020\/04\/\u00d6kyvene-Sapokka-2019-06.09.jpg\"><img loading=\"lazy\" decoding=\"async\" aria-describedby=\"caption-attachment-4402\" class=\"wp-image-4402 size-large\" src=\"http:\/\/www.laurapennanen.fi\/wp-content\/uploads\/2020\/04\/\u00d6kyvene-Sapokka-2019-06.09-1024x768.jpg\" alt=\"\" width=\"625\" height=\"469\" srcset=\"https:\/\/www.laurapennanen.fi\/wp-content\/uploads\/2020\/04\/\u00d6kyvene-Sapokka-2019-06.09-1024x768.jpg 1024w, https:\/\/www.laurapennanen.fi\/wp-content\/uploads\/2020\/04\/\u00d6kyvene-Sapokka-2019-06.09-300x225.jpg 300w, https:\/\/www.laurapennanen.fi\/wp-content\/uploads\/2020\/04\/\u00d6kyvene-Sapokka-2019-06.09-768x576.jpg 768w, https:\/\/www.laurapennanen.fi\/wp-content\/uploads\/2020\/04\/\u00d6kyvene-Sapokka-2019-06.09-1536x1152.jpg 1536w, https:\/\/www.laurapennanen.fi\/wp-content\/uploads\/2020\/04\/\u00d6kyvene-Sapokka-2019-06.09-624x468.jpg 624w, https:\/\/www.laurapennanen.fi\/wp-content\/uploads\/2020\/04\/\u00d6kyvene-Sapokka-2019-06.09.jpg 2000w\" sizes=\"auto, (max-width: 625px) 100vw, 625px\" \/><\/a><p id=\"caption-attachment-4402\" class=\"wp-caption-text\">Sapokka 9.6.2019.<\/p><\/div>\n<\/div>\n<div class=\"kuvat\">\n<div id=\"attachment_4398\" style=\"width: 635px\" class=\"wp-caption alignnone\"><a href=\"http:\/\/www.laurapennanen.fi\/wp-content\/uploads\/2020\/04\/\u00d6kyvene-Sapokka-2019-05.09.jpg\"><img loading=\"lazy\" decoding=\"async\" aria-describedby=\"caption-attachment-4398\" class=\"wp-image-4398 size-large\" src=\"http:\/\/www.laurapennanen.fi\/wp-content\/uploads\/2020\/04\/\u00d6kyvene-Sapokka-2019-05.09-1024x768.jpg\" alt=\"\" width=\"625\" height=\"469\" srcset=\"https:\/\/www.laurapennanen.fi\/wp-content\/uploads\/2020\/04\/\u00d6kyvene-Sapokka-2019-05.09-1024x768.jpg 1024w, https:\/\/www.laurapennanen.fi\/wp-content\/uploads\/2020\/04\/\u00d6kyvene-Sapokka-2019-05.09-300x225.jpg 300w, https:\/\/www.laurapennanen.fi\/wp-content\/uploads\/2020\/04\/\u00d6kyvene-Sapokka-2019-05.09-768x576.jpg 768w, https:\/\/www.laurapennanen.fi\/wp-content\/uploads\/2020\/04\/\u00d6kyvene-Sapokka-2019-05.09-1536x1152.jpg 1536w, https:\/\/www.laurapennanen.fi\/wp-content\/uploads\/2020\/04\/\u00d6kyvene-Sapokka-2019-05.09-624x468.jpg 624w, https:\/\/www.laurapennanen.fi\/wp-content\/uploads\/2020\/04\/\u00d6kyvene-Sapokka-2019-05.09.jpg 2000w\" sizes=\"auto, (max-width: 625px) 100vw, 625px\" \/><\/a><p id=\"caption-attachment-4398\" class=\"wp-caption-text\">Sapokka 9.5.2019.<\/p><\/div>\n<\/div>\n<div class=\"kuvat\">\n<div id=\"attachment_4399\" style=\"width: 635px\" class=\"wp-caption alignnone\"><a href=\"http:\/\/www.laurapennanen.fi\/wp-content\/uploads\/2020\/04\/\u00d6kyvene-Sapokka-Targa-2019-05.09.jpg\"><img loading=\"lazy\" decoding=\"async\" aria-describedby=\"caption-attachment-4399\" class=\"wp-image-4399 size-large\" src=\"http:\/\/www.laurapennanen.fi\/wp-content\/uploads\/2020\/04\/\u00d6kyvene-Sapokka-Targa-2019-05.09-1024x768.jpg\" alt=\"\" width=\"625\" height=\"469\" srcset=\"https:\/\/www.laurapennanen.fi\/wp-content\/uploads\/2020\/04\/\u00d6kyvene-Sapokka-Targa-2019-05.09-1024x768.jpg 1024w, https:\/\/www.laurapennanen.fi\/wp-content\/uploads\/2020\/04\/\u00d6kyvene-Sapokka-Targa-2019-05.09-300x225.jpg 300w, https:\/\/www.laurapennanen.fi\/wp-content\/uploads\/2020\/04\/\u00d6kyvene-Sapokka-Targa-2019-05.09-768x576.jpg 768w, https:\/\/www.laurapennanen.fi\/wp-content\/uploads\/2020\/04\/\u00d6kyvene-Sapokka-Targa-2019-05.09-1536x1152.jpg 1536w, https:\/\/www.laurapennanen.fi\/wp-content\/uploads\/2020\/04\/\u00d6kyvene-Sapokka-Targa-2019-05.09-624x468.jpg 624w, https:\/\/www.laurapennanen.fi\/wp-content\/uploads\/2020\/04\/\u00d6kyvene-Sapokka-Targa-2019-05.09.jpg 2000w\" sizes=\"auto, (max-width: 625px) 100vw, 625px\" \/><\/a><p id=\"caption-attachment-4399\" class=\"wp-caption-text\">Sapokka 9.5.2019.<\/p><\/div>\n<\/div>\n<div class=\"kuvat\">\n<div id=\"attachment_2866\" style=\"width: 635px\" class=\"wp-caption alignnone\"><a href=\"http:\/\/www.laurapennanen.fi\/wp-content\/uploads\/2019\/05\/X18914.jpg\"><img loading=\"lazy\" decoding=\"async\" aria-describedby=\"caption-attachment-2866\" class=\"wp-image-2866 size-large\" src=\"http:\/\/www.laurapennanen.fi\/wp-content\/uploads\/2019\/05\/X18914-1024x768.jpg\" alt=\"\" width=\"625\" height=\"469\" srcset=\"https:\/\/www.laurapennanen.fi\/wp-content\/uploads\/2019\/05\/X18914-1024x768.jpg 1024w, https:\/\/www.laurapennanen.fi\/wp-content\/uploads\/2019\/05\/X18914-300x225.jpg 300w, https:\/\/www.laurapennanen.fi\/wp-content\/uploads\/2019\/05\/X18914-768x576.jpg 768w, https:\/\/www.laurapennanen.fi\/wp-content\/uploads\/2019\/05\/X18914-624x468.jpg 624w, https:\/\/www.laurapennanen.fi\/wp-content\/uploads\/2019\/05\/X18914.jpg 2000w\" sizes=\"auto, (max-width: 625px) 100vw, 625px\" \/><\/a><p id=\"caption-attachment-2866\" class=\"wp-caption-text\">Sapokka 1.5.2019<\/p><\/div>\n<\/div>\n<div class=\"kuvat\">\n<div id=\"attachment_4377\" style=\"width: 635px\" class=\"wp-caption alignnone\"><a href=\"http:\/\/www.laurapennanen.fi\/wp-content\/uploads\/2020\/04\/\u00d6kyvene-Sapokka-2019-04.30..jpg\"><img loading=\"lazy\" decoding=\"async\" aria-describedby=\"caption-attachment-4377\" class=\"wp-image-4377 size-large\" src=\"http:\/\/www.laurapennanen.fi\/wp-content\/uploads\/2020\/04\/\u00d6kyvene-Sapokka-2019-04.30.-1024x768.jpg\" alt=\"\" width=\"625\" height=\"469\" srcset=\"https:\/\/www.laurapennanen.fi\/wp-content\/uploads\/2020\/04\/\u00d6kyvene-Sapokka-2019-04.30.-1024x768.jpg 1024w, https:\/\/www.laurapennanen.fi\/wp-content\/uploads\/2020\/04\/\u00d6kyvene-Sapokka-2019-04.30.-300x225.jpg 300w, https:\/\/www.laurapennanen.fi\/wp-content\/uploads\/2020\/04\/\u00d6kyvene-Sapokka-2019-04.30.-768x576.jpg 768w, https:\/\/www.laurapennanen.fi\/wp-content\/uploads\/2020\/04\/\u00d6kyvene-Sapokka-2019-04.30.-1536x1152.jpg 1536w, https:\/\/www.laurapennanen.fi\/wp-content\/uploads\/2020\/04\/\u00d6kyvene-Sapokka-2019-04.30.-624x468.jpg 624w, https:\/\/www.laurapennanen.fi\/wp-content\/uploads\/2020\/04\/\u00d6kyvene-Sapokka-2019-04.30..jpg 2000w\" sizes=\"auto, (max-width: 625px) 100vw, 625px\" \/><\/a><p id=\"caption-attachment-4377\" class=\"wp-caption-text\">Sapokka 30.4.2019.<\/p><\/div>\n<\/div>\n<div class=\"kuvat\">\n<div id=\"attachment_3050\" style=\"width: 635px\" class=\"wp-caption alignnone\"><a href=\"http:\/\/www.laurapennanen.fi\/wp-content\/uploads\/2019\/06\/\u00d6kyvene-DL7090AF-2018-05.17.jpg\"><img loading=\"lazy\" decoding=\"async\" aria-describedby=\"caption-attachment-3050\" class=\"wp-image-3050 size-large\" src=\"http:\/\/www.laurapennanen.fi\/wp-content\/uploads\/2019\/06\/\u00d6kyvene-DL7090AF-2018-05.17-1024x768.jpg\" alt=\"\" width=\"625\" height=\"469\" srcset=\"https:\/\/www.laurapennanen.fi\/wp-content\/uploads\/2019\/06\/\u00d6kyvene-DL7090AF-2018-05.17-1024x768.jpg 1024w, https:\/\/www.laurapennanen.fi\/wp-content\/uploads\/2019\/06\/\u00d6kyvene-DL7090AF-2018-05.17-300x225.jpg 300w, https:\/\/www.laurapennanen.fi\/wp-content\/uploads\/2019\/06\/\u00d6kyvene-DL7090AF-2018-05.17-768x576.jpg 768w, https:\/\/www.laurapennanen.fi\/wp-content\/uploads\/2019\/06\/\u00d6kyvene-DL7090AF-2018-05.17-624x468.jpg 624w, https:\/\/www.laurapennanen.fi\/wp-content\/uploads\/2019\/06\/\u00d6kyvene-DL7090AF-2018-05.17.jpg 1600w\" sizes=\"auto, (max-width: 625px) 100vw, 625px\" \/><\/a><p id=\"caption-attachment-3050\" class=\"wp-caption-text\">Sapokka 17.5.2018<\/p><\/div>\n<\/div>\n<div class=\"kuvat\">\n<div id=\"attachment_1224\" style=\"width: 310px\" class=\"wp-caption alignnone\"><a href=\"http:\/\/www.laurapennanen.fi\/wp-content\/uploads\/2019\/01\/\u00d6kyvene.511.jpg\"><img loading=\"lazy\" decoding=\"async\" aria-describedby=\"caption-attachment-1224\" class=\"wp-image-1224\" src=\"http:\/\/www.laurapennanen.fi\/wp-content\/uploads\/2019\/01\/\u00d6kyvene.511-1024x768.jpg\" alt=\"\" width=\"300\" height=\"225\" srcset=\"https:\/\/www.laurapennanen.fi\/wp-content\/uploads\/2019\/01\/\u00d6kyvene.511-1024x768.jpg 1024w, https:\/\/www.laurapennanen.fi\/wp-content\/uploads\/2019\/01\/\u00d6kyvene.511-300x225.jpg 300w, https:\/\/www.laurapennanen.fi\/wp-content\/uploads\/2019\/01\/\u00d6kyvene.511-768x576.jpg 768w, https:\/\/www.laurapennanen.fi\/wp-content\/uploads\/2019\/01\/\u00d6kyvene.511-624x468.jpg 624w, https:\/\/www.laurapennanen.fi\/wp-content\/uploads\/2019\/01\/\u00d6kyvene.511.jpg 2000w\" sizes=\"auto, (max-width: 300px) 100vw, 300px\" \/><\/a><p id=\"caption-attachment-1224\" class=\"wp-caption-text\">\u00d6kyvene matkalla kantasatamaan 14.7.2017. N\u00e4ill\u00e4 veneill\u00e4 meik\u00e4l\u00e4inen ajaisi vain lomarahoilla \ud83d\ude00<\/p><\/div>\n<\/div>\n<p style=\"clear: both;\"><a href=\"http:\/\/www.laurapennanen.fi\/?page_id=109\">\u21d0 Palaa Merell\u00e4-sivustoon<\/a><\/p>\n","protected":false},"excerpt":{"rendered":"<p>\u00d6kyveneet, veneilyn kummajaiset. Omakotitalon varustuksella topatut muskeliveneet, joilla tavallinen kansalainen ajaa vain kes\u00e4lomarahoillaan. N\u00e4it\u00e4 komistuksia tulee vastaan s\u00e4\u00e4nn\u00f6llisesti merell\u00e4 ja niit\u00e4 l\u00f6ytyy ihailtavaksi niin Sapokan pienvenesatamasta kuin muistakin Kotkan satamista. \u21d0 Palaa Merell\u00e4-sivustoon<\/p>\n","protected":false},"author":1,"featured_media":0,"parent":109,"menu_order":0,"comment_status":"closed","ping_status":"closed","template":"page-templates\/full-width.php","meta":{"footnotes":""},"class_list":["post-3026","page","type-page","status-publish","hentry"],"_links":{"self":[{"href":"https:\/\/www.laurapennanen.fi\/index.php?rest_route=\/wp\/v2\/pages\/3026","targetHints":{"allow":["GET"]}}],"collection":[{"href":"https:\/\/www.laurapennanen.fi\/index.php?rest_route=\/wp\/v2\/pages"}],"about":[{"href":"https:\/\/www.laurapennanen.fi\/index.php?rest_route=\/wp\/v2\/types\/page"}],"author":[{"embeddable":true,"href":"https:\/\/www.laurapennanen.fi\/index.php?rest_route=\/wp\/v2\/users\/1"}],"replies":[{"embeddable":true,"href":"https:\/\/www.laurapennanen.fi\/index.php?rest_route=%2Fwp%2Fv2%2Fcomments&post=3026"}],"version-history":[{"count":18,"href":"https:\/\/www.laurapennanen.fi\/index.php?rest_route=\/wp\/v2\/pages\/3026\/revisions"}],"predecessor-version":[{"id":4864,"href":"https:\/\/www.laurapennanen.fi\/index.php?rest_route=\/wp\/v2\/pages\/3026\/revisions\/4864"}],"up":[{"embeddable":true,"href":"https:\/\/www.laurapennanen.fi\/index.php?rest_route=\/wp\/v2\/pages\/109"}],"wp:attachment":[{"href":"https:\/\/www.laurapennanen.fi\/index.php?rest_route=%2Fwp%2Fv2%2Fmedia&parent=3026"}],"curies":[{"name":"wp","href":"https:\/\/api.w.org\/{rel}","templated":true}]}}