{"id":398,"date":"2018-10-22T17:24:47","date_gmt":"2018-10-22T15:24:47","guid":{"rendered":"http:\/\/www.laurapennanen.fi\/?page_id=398"},"modified":"2019-07-26T19:52:38","modified_gmt":"2019-07-26T17:52:38","slug":"matkustajalaivat","status":"publish","type":"page","link":"https:\/\/www.laurapennanen.fi\/?page_id=398","title":{"rendered":"Matkustajalaivat"},"content":{"rendered":"<div id=\"attachment_3337\" style=\"width: 510px\" class=\"wp-caption alignnone\"><a href=\"http:\/\/www.laurapennanen.fi\/wp-content\/uploads\/2019\/07\/MSC-Meraviglia.jpg\"><img loading=\"lazy\" decoding=\"async\" aria-describedby=\"caption-attachment-3337\" class=\"wp-image-3337\" src=\"http:\/\/www.laurapennanen.fi\/wp-content\/uploads\/2019\/07\/MSC-Meraviglia-1024x769.jpg\" alt=\"\" width=\"500\" height=\"375\" srcset=\"https:\/\/www.laurapennanen.fi\/wp-content\/uploads\/2019\/07\/MSC-Meraviglia-1024x769.jpg 1024w, https:\/\/www.laurapennanen.fi\/wp-content\/uploads\/2019\/07\/MSC-Meraviglia-300x225.jpg 300w, https:\/\/www.laurapennanen.fi\/wp-content\/uploads\/2019\/07\/MSC-Meraviglia-768x577.jpg 768w, https:\/\/www.laurapennanen.fi\/wp-content\/uploads\/2019\/07\/MSC-Meraviglia-624x468.jpg 624w\" sizes=\"auto, (max-width: 500px) 100vw, 500px\" \/><\/a><p id=\"caption-attachment-3337\" class=\"wp-caption-text\">Valtavan kokoinen MSC Meraviglia ei pysty piiloutumaan Mussalon sataman hallien ja s\u00e4ili\u00f6iden taakse. Vierailemassa Kotkassa 25.7.2019.<\/p><\/div>\n<div id=\"attachment_3171\" style=\"width: 510px\" class=\"wp-caption alignnone\"><a href=\"http:\/\/www.laurapennanen.fi\/wp-content\/uploads\/2019\/07\/Artania.jpg\"><img loading=\"lazy\" decoding=\"async\" aria-describedby=\"caption-attachment-3171\" class=\"wp-image-3171\" src=\"http:\/\/www.laurapennanen.fi\/wp-content\/uploads\/2019\/07\/Artania-1024x767.jpg\" alt=\"\" width=\"500\" height=\"374\" srcset=\"https:\/\/www.laurapennanen.fi\/wp-content\/uploads\/2019\/07\/Artania-1024x767.jpg 1024w, https:\/\/www.laurapennanen.fi\/wp-content\/uploads\/2019\/07\/Artania-300x225.jpg 300w, https:\/\/www.laurapennanen.fi\/wp-content\/uploads\/2019\/07\/Artania-768x575.jpg 768w, https:\/\/www.laurapennanen.fi\/wp-content\/uploads\/2019\/07\/Artania-624x467.jpg 624w\" sizes=\"auto, (max-width: 500px) 100vw, 500px\" \/><\/a><p id=\"caption-attachment-3171\" class=\"wp-caption-text\">Kuvassa 2.7.2019 aamulla Kotkaan saapumassa oleva M\/V Artania on t\u00e4h\u00e4n menness\u00e4 suurin risteilyalus, joka laituroituu Kantasatamaan. Pituutta t\u00e4ll\u00e4 j\u00e4till\u00e4 on 230 m ja sen mukana saapuu paikkakunnalle 1000 risteilyvierasta ja 500 miehist\u00f6n j\u00e4sent\u00e4.<\/p><\/div>\n<div id=\"attachment_741\" style=\"width: 510px\" class=\"wp-caption alignnone\"><a href=\"http:\/\/www.laurapennanen.fi\/wp-content\/uploads\/2018\/11\/Saga-Sapphire.jpg\"><img loading=\"lazy\" decoding=\"async\" aria-describedby=\"caption-attachment-741\" class=\"wp-image-741\" src=\"http:\/\/www.laurapennanen.fi\/wp-content\/uploads\/2018\/11\/Saga-Sapphire-1024x768.jpg\" alt=\"\" width=\"500\" height=\"375\" srcset=\"https:\/\/www.laurapennanen.fi\/wp-content\/uploads\/2018\/11\/Saga-Sapphire-1024x768.jpg 1024w, https:\/\/www.laurapennanen.fi\/wp-content\/uploads\/2018\/11\/Saga-Sapphire-300x225.jpg 300w, https:\/\/www.laurapennanen.fi\/wp-content\/uploads\/2018\/11\/Saga-Sapphire-768x576.jpg 768w, https:\/\/www.laurapennanen.fi\/wp-content\/uploads\/2018\/11\/Saga-Sapphire-624x468.jpg 624w, https:\/\/www.laurapennanen.fi\/wp-content\/uploads\/2018\/11\/Saga-Sapphire.jpg 2000w\" sizes=\"auto, (max-width: 500px) 100vw, 500px\" \/><\/a><p id=\"caption-attachment-741\" class=\"wp-caption-text\">Kaksinkertainen Kotkank\u00e4vij\u00e4 Saga Sapphire 14.6.2018.<\/p><\/div>\n<div id=\"attachment_739\" style=\"width: 510px\" class=\"wp-caption alignnone\"><a href=\"http:\/\/www.laurapennanen.fi\/wp-content\/uploads\/2018\/11\/Amadea.jpg\"><img loading=\"lazy\" decoding=\"async\" aria-describedby=\"caption-attachment-739\" class=\"wp-image-739\" src=\"http:\/\/www.laurapennanen.fi\/wp-content\/uploads\/2018\/11\/Amadea-1024x768.jpg\" alt=\"\" width=\"500\" height=\"375\" srcset=\"https:\/\/www.laurapennanen.fi\/wp-content\/uploads\/2018\/11\/Amadea-1024x768.jpg 1024w, https:\/\/www.laurapennanen.fi\/wp-content\/uploads\/2018\/11\/Amadea-300x225.jpg 300w, https:\/\/www.laurapennanen.fi\/wp-content\/uploads\/2018\/11\/Amadea-768x576.jpg 768w, https:\/\/www.laurapennanen.fi\/wp-content\/uploads\/2018\/11\/Amadea-624x468.jpg 624w, https:\/\/www.laurapennanen.fi\/wp-content\/uploads\/2018\/11\/Amadea.jpg 2000w\" sizes=\"auto, (max-width: 500px) 100vw, 500px\" \/><\/a><p id=\"caption-attachment-739\" class=\"wp-caption-text\">Amadea poistumassa Kotkasta 16.9.2017.<\/p><\/div>\n<div id=\"attachment_480\" style=\"width: 510px\" class=\"wp-caption alignnone\"><a href=\"http:\/\/www.laurapennanen.fi\/wp-content\/uploads\/2018\/10\/Aidamar.jpg\"><img loading=\"lazy\" decoding=\"async\" aria-describedby=\"caption-attachment-480\" class=\"wp-image-480\" src=\"http:\/\/www.laurapennanen.fi\/wp-content\/uploads\/2018\/10\/Aidamar-1024x683.jpg\" alt=\"\" width=\"500\" height=\"333\" srcset=\"https:\/\/www.laurapennanen.fi\/wp-content\/uploads\/2018\/10\/Aidamar-1024x683.jpg 1024w, https:\/\/www.laurapennanen.fi\/wp-content\/uploads\/2018\/10\/Aidamar-300x200.jpg 300w, https:\/\/www.laurapennanen.fi\/wp-content\/uploads\/2018\/10\/Aidamar-768x512.jpg 768w, https:\/\/www.laurapennanen.fi\/wp-content\/uploads\/2018\/10\/Aidamar-624x416.jpg 624w\" sizes=\"auto, (max-width: 500px) 100vw, 500px\" \/><\/a><p id=\"caption-attachment-480\" class=\"wp-caption-text\">Aidamar Mussalon satamassa Kotkassa 10.7.2017<\/p><\/div>\n<div id=\"attachment_481\" style=\"width: 510px\" class=\"wp-caption alignnone\"><a href=\"http:\/\/www.laurapennanen.fi\/wp-content\/uploads\/2018\/10\/Costa-Mediterranea.jpg\"><img loading=\"lazy\" decoding=\"async\" aria-describedby=\"caption-attachment-481\" class=\"wp-image-481\" src=\"http:\/\/www.laurapennanen.fi\/wp-content\/uploads\/2018\/10\/Costa-Mediterranea-1024x683.jpg\" alt=\"\" width=\"500\" height=\"333\" srcset=\"https:\/\/www.laurapennanen.fi\/wp-content\/uploads\/2018\/10\/Costa-Mediterranea-1024x683.jpg 1024w, https:\/\/www.laurapennanen.fi\/wp-content\/uploads\/2018\/10\/Costa-Mediterranea-300x200.jpg 300w, https:\/\/www.laurapennanen.fi\/wp-content\/uploads\/2018\/10\/Costa-Mediterranea-768x512.jpg 768w, https:\/\/www.laurapennanen.fi\/wp-content\/uploads\/2018\/10\/Costa-Mediterranea-624x416.jpg 624w\" sizes=\"auto, (max-width: 500px) 100vw, 500px\" \/><\/a><p id=\"caption-attachment-481\" class=\"wp-caption-text\">Costa Mediterranea saapumassa Mussalon satamaan Kotkaan 10.7.2017<\/p><\/div>\n<p style=\"clear: both;\"><a href=\"http:\/\/www.laurapennanen.fi\/?page_id=109\">\u21d0 Palaa Merell\u00e4-sivustoon<\/a><\/p>\n","protected":false},"excerpt":{"rendered":"<p>\u21d0 Palaa Merell\u00e4-sivustoon<\/p>\n","protected":false},"author":1,"featured_media":0,"parent":109,"menu_order":0,"comment_status":"closed","ping_status":"closed","template":"page-templates\/full-width.php","meta":{"footnotes":""},"class_list":["post-398","page","type-page","status-publish","hentry"],"_links":{"self":[{"href":"https:\/\/www.laurapennanen.fi\/index.php?rest_route=\/wp\/v2\/pages\/398","targetHints":{"allow":["GET"]}}],"collection":[{"href":"https:\/\/www.laurapennanen.fi\/index.php?rest_route=\/wp\/v2\/pages"}],"about":[{"href":"https:\/\/www.laurapennanen.fi\/index.php?rest_route=\/wp\/v2\/types\/page"}],"author":[{"embeddable":true,"href":"https:\/\/www.laurapennanen.fi\/index.php?rest_route=\/wp\/v2\/users\/1"}],"replies":[{"embeddable":true,"href":"https:\/\/www.laurapennanen.fi\/index.php?rest_route=%2Fwp%2Fv2%2Fcomments&post=398"}],"version-history":[{"count":11,"href":"https:\/\/www.laurapennanen.fi\/index.php?rest_route=\/wp\/v2\/pages\/398\/revisions"}],"predecessor-version":[{"id":3338,"href":"https:\/\/www.laurapennanen.fi\/index.php?rest_route=\/wp\/v2\/pages\/398\/revisions\/3338"}],"up":[{"embeddable":true,"href":"https:\/\/www.laurapennanen.fi\/index.php?rest_route=\/wp\/v2\/pages\/109"}],"wp:attachment":[{"href":"https:\/\/www.laurapennanen.fi\/index.php?rest_route=%2Fwp%2Fv2%2Fmedia&parent=398"}],"curies":[{"name":"wp","href":"https:\/\/api.w.org\/{rel}","templated":true}]}}