{"id":463,"date":"2018-10-25T17:49:17","date_gmt":"2018-10-25T15:49:17","guid":{"rendered":"http:\/\/www.laurapennanen.fi\/?page_id=463"},"modified":"2019-08-17T13:50:43","modified_gmt":"2019-08-17T11:50:43","slug":"maisemat","status":"publish","type":"page","link":"https:\/\/www.laurapennanen.fi\/?page_id=463","title":{"rendered":"Maisemat"},"content":{"rendered":"<div id=\"attachment_2439\" style=\"width: 510px\" class=\"wp-caption alignnone\"><a href=\"http:\/\/www.laurapennanen.fi\/wp-content\/uploads\/2019\/04\/It\u00e4rivi-kannas.jpg\"><img loading=\"lazy\" decoding=\"async\" aria-describedby=\"caption-attachment-2439\" class=\"wp-image-2439\" src=\"http:\/\/www.laurapennanen.fi\/wp-content\/uploads\/2019\/04\/It\u00e4rivi-kannas-1024x768.jpg\" alt=\"\" width=\"500\" height=\"375\" srcset=\"https:\/\/www.laurapennanen.fi\/wp-content\/uploads\/2019\/04\/It\u00e4rivi-kannas-1024x768.jpg 1024w, https:\/\/www.laurapennanen.fi\/wp-content\/uploads\/2019\/04\/It\u00e4rivi-kannas-300x225.jpg 300w, https:\/\/www.laurapennanen.fi\/wp-content\/uploads\/2019\/04\/It\u00e4rivi-kannas-768x576.jpg 768w, https:\/\/www.laurapennanen.fi\/wp-content\/uploads\/2019\/04\/It\u00e4rivi-kannas-624x468.jpg 624w, https:\/\/www.laurapennanen.fi\/wp-content\/uploads\/2019\/04\/It\u00e4rivi-kannas.jpg 2000w\" sizes=\"auto, (max-width: 500px) 100vw, 500px\" \/><\/a><p id=\"caption-attachment-2439\" class=\"wp-caption-text\">It\u00e4rivist\u00e4 paljastuu matalalla vedell\u00e4 k\u00e4velt\u00e4v\u00e4 hiekkakannas, koko rivin mittainen tie.<\/p><\/div>\n<div id=\"attachment_1875\" style=\"width: 510px\" class=\"wp-caption alignnone\"><a href=\"http:\/\/www.laurapennanen.fi\/wp-content\/uploads\/2019\/04\/Halssinsaarentie1.jpg\"><img loading=\"lazy\" decoding=\"async\" aria-describedby=\"caption-attachment-1875\" class=\"wp-image-1875\" src=\"http:\/\/www.laurapennanen.fi\/wp-content\/uploads\/2019\/04\/Halssinsaarentie1-1024x768.jpg\" alt=\"\" width=\"500\" height=\"375\" srcset=\"https:\/\/www.laurapennanen.fi\/wp-content\/uploads\/2019\/04\/Halssinsaarentie1-1024x768.jpg 1024w, https:\/\/www.laurapennanen.fi\/wp-content\/uploads\/2019\/04\/Halssinsaarentie1-300x225.jpg 300w, https:\/\/www.laurapennanen.fi\/wp-content\/uploads\/2019\/04\/Halssinsaarentie1-768x576.jpg 768w, https:\/\/www.laurapennanen.fi\/wp-content\/uploads\/2019\/04\/Halssinsaarentie1-624x468.jpg 624w\" sizes=\"auto, (max-width: 500px) 100vw, 500px\" \/><\/a><p id=\"caption-attachment-1875\" class=\"wp-caption-text\">Avohakkuualue Halssinsaarentiell\u00e4 24.3.2019.<\/p><\/div>\n<div id=\"attachment_1359\" style=\"width: 510px\" class=\"wp-caption alignnone\"><a href=\"http:\/\/www.laurapennanen.fi\/wp-content\/uploads\/2019\/01\/Kuutsalo-kyl\u00e4tie.jpg\"><img loading=\"lazy\" decoding=\"async\" aria-describedby=\"caption-attachment-1359\" class=\"wp-image-1359\" src=\"http:\/\/www.laurapennanen.fi\/wp-content\/uploads\/2019\/01\/Kuutsalo-kyl\u00e4tie-1024x768.jpg\" alt=\"\" width=\"500\" height=\"375\" srcset=\"https:\/\/www.laurapennanen.fi\/wp-content\/uploads\/2019\/01\/Kuutsalo-kyl\u00e4tie-1024x768.jpg 1024w, https:\/\/www.laurapennanen.fi\/wp-content\/uploads\/2019\/01\/Kuutsalo-kyl\u00e4tie-300x225.jpg 300w, https:\/\/www.laurapennanen.fi\/wp-content\/uploads\/2019\/01\/Kuutsalo-kyl\u00e4tie-768x576.jpg 768w, https:\/\/www.laurapennanen.fi\/wp-content\/uploads\/2019\/01\/Kuutsalo-kyl\u00e4tie-624x468.jpg 624w, https:\/\/www.laurapennanen.fi\/wp-content\/uploads\/2019\/01\/Kuutsalo-kyl\u00e4tie.jpg 1984w\" sizes=\"auto, (max-width: 500px) 100vw, 500px\" \/><\/a><p id=\"caption-attachment-1359\" class=\"wp-caption-text\">Talvinen Saarimajantie Kuutsalossa, matkalla kohti Mullia 20.1.2019.<\/p><\/div>\n<div id=\"attachment_1360\" style=\"width: 510px\" class=\"wp-caption alignnone\"><a href=\"http:\/\/www.laurapennanen.fi\/wp-content\/uploads\/2019\/01\/Kuutsalo-mets\u00e4tie.jpg\"><img loading=\"lazy\" decoding=\"async\" aria-describedby=\"caption-attachment-1360\" class=\"wp-image-1360\" src=\"http:\/\/www.laurapennanen.fi\/wp-content\/uploads\/2019\/01\/Kuutsalo-mets\u00e4tie-1024x768.jpg\" alt=\"\" width=\"500\" height=\"375\" srcset=\"https:\/\/www.laurapennanen.fi\/wp-content\/uploads\/2019\/01\/Kuutsalo-mets\u00e4tie-1024x768.jpg 1024w, https:\/\/www.laurapennanen.fi\/wp-content\/uploads\/2019\/01\/Kuutsalo-mets\u00e4tie-300x225.jpg 300w, https:\/\/www.laurapennanen.fi\/wp-content\/uploads\/2019\/01\/Kuutsalo-mets\u00e4tie-768x576.jpg 768w, https:\/\/www.laurapennanen.fi\/wp-content\/uploads\/2019\/01\/Kuutsalo-mets\u00e4tie-624x468.jpg 624w, https:\/\/www.laurapennanen.fi\/wp-content\/uploads\/2019\/01\/Kuutsalo-mets\u00e4tie.jpg 1984w\" sizes=\"auto, (max-width: 500px) 100vw, 500px\" \/><\/a><p id=\"caption-attachment-1360\" class=\"wp-caption-text\">Hiihtomaisemaa Kuutsalon Suurikyl\u00e4n mets\u00e4tiell\u00e4 18.1.2019.<\/p><\/div>\n<div id=\"attachment_896\" style=\"width: 510px\" class=\"wp-caption alignnone\"><a href=\"http:\/\/www.laurapennanen.fi\/wp-content\/uploads\/2018\/11\/Popovin-kallio.jpg\"><img loading=\"lazy\" decoding=\"async\" aria-describedby=\"caption-attachment-896\" class=\"wp-image-896\" src=\"http:\/\/www.laurapennanen.fi\/wp-content\/uploads\/2018\/11\/Popovin-kallio-1024x768.jpg\" alt=\"\" width=\"500\" height=\"375\" srcset=\"https:\/\/www.laurapennanen.fi\/wp-content\/uploads\/2018\/11\/Popovin-kallio-1024x768.jpg 1024w, https:\/\/www.laurapennanen.fi\/wp-content\/uploads\/2018\/11\/Popovin-kallio-300x225.jpg 300w, https:\/\/www.laurapennanen.fi\/wp-content\/uploads\/2018\/11\/Popovin-kallio-768x576.jpg 768w, https:\/\/www.laurapennanen.fi\/wp-content\/uploads\/2018\/11\/Popovin-kallio-624x468.jpg 624w, https:\/\/www.laurapennanen.fi\/wp-content\/uploads\/2018\/11\/Popovin-kallio.jpg 1152w\" sizes=\"auto, (max-width: 500px) 100vw, 500px\" \/><\/a><p id=\"caption-attachment-896\" class=\"wp-caption-text\">Autionkyl\u00e4nvuori kohoaa mets\u00e4n keskelt\u00e4. Ritaniementielt\u00e4 p\u00e4\u00e4see kohtaan, josta voi kiivet\u00e4 kallion p\u00e4\u00e4lle, Popovin muistolaatan luo.<\/p><\/div>\n<div id=\"attachment_550\" style=\"width: 510px\" class=\"wp-caption alignnone\"><a href=\"http:\/\/www.laurapennanen.fi\/wp-content\/uploads\/2018\/10\/Vuorisaari.jpg\"><img loading=\"lazy\" decoding=\"async\" aria-describedby=\"caption-attachment-550\" class=\"wp-image-550\" src=\"http:\/\/www.laurapennanen.fi\/wp-content\/uploads\/2018\/10\/Vuorisaari-1024x737.jpg\" alt=\"\" width=\"500\" height=\"360\" srcset=\"https:\/\/www.laurapennanen.fi\/wp-content\/uploads\/2018\/10\/Vuorisaari-1024x737.jpg 1024w, https:\/\/www.laurapennanen.fi\/wp-content\/uploads\/2018\/10\/Vuorisaari-300x216.jpg 300w, https:\/\/www.laurapennanen.fi\/wp-content\/uploads\/2018\/10\/Vuorisaari-768x553.jpg 768w, https:\/\/www.laurapennanen.fi\/wp-content\/uploads\/2018\/10\/Vuorisaari-624x449.jpg 624w, https:\/\/www.laurapennanen.fi\/wp-content\/uploads\/2018\/10\/Vuorisaari.jpg 2000w\" sizes=\"auto, (max-width: 500px) 100vw, 500px\" \/><\/a><p id=\"caption-attachment-550\" class=\"wp-caption-text\">N\u00e4kym\u00e4 Vuorisaaren kalliolta Kirkonmaahan 14.8.2018<\/p><\/div>\n<div id=\"attachment_1102\" style=\"width: 510px\" class=\"wp-caption alignnone\"><a href=\"http:\/\/www.laurapennanen.fi\/wp-content\/uploads\/2018\/12\/Vassaarensalmi.jpg\"><img loading=\"lazy\" decoding=\"async\" aria-describedby=\"caption-attachment-1102\" class=\"wp-image-1102\" src=\"http:\/\/www.laurapennanen.fi\/wp-content\/uploads\/2018\/12\/Vassaarensalmi-1024x683.jpg\" alt=\"\" width=\"500\" height=\"333\" srcset=\"https:\/\/www.laurapennanen.fi\/wp-content\/uploads\/2018\/12\/Vassaarensalmi-1024x683.jpg 1024w, https:\/\/www.laurapennanen.fi\/wp-content\/uploads\/2018\/12\/Vassaarensalmi-300x200.jpg 300w, https:\/\/www.laurapennanen.fi\/wp-content\/uploads\/2018\/12\/Vassaarensalmi-768x512.jpg 768w, https:\/\/www.laurapennanen.fi\/wp-content\/uploads\/2018\/12\/Vassaarensalmi-624x416.jpg 624w\" sizes=\"auto, (max-width: 500px) 100vw, 500px\" \/><\/a><p id=\"caption-attachment-1102\" class=\"wp-caption-text\">Vassaarensalmi Vassaaren kalliolta kuvattuna varhain aamulla 3.7.2017.<\/p><\/div>\n<p><a href=\"http:\/\/www.laurapennanen.fi\/?page_id=107\">\u21d0 Palaa luonto-sivulle<\/a><\/p>\n","protected":false},"excerpt":{"rendered":"<p>\u21d0 Palaa luonto-sivulle<\/p>\n","protected":false},"author":1,"featured_media":0,"parent":107,"menu_order":0,"comment_status":"closed","ping_status":"closed","template":"page-templates\/full-width.php","meta":{"footnotes":""},"class_list":["post-463","page","type-page","status-publish","hentry"],"_links":{"self":[{"href":"https:\/\/www.laurapennanen.fi\/index.php?rest_route=\/wp\/v2\/pages\/463","targetHints":{"allow":["GET"]}}],"collection":[{"href":"https:\/\/www.laurapennanen.fi\/index.php?rest_route=\/wp\/v2\/pages"}],"about":[{"href":"https:\/\/www.laurapennanen.fi\/index.php?rest_route=\/wp\/v2\/types\/page"}],"author":[{"embeddable":true,"href":"https:\/\/www.laurapennanen.fi\/index.php?rest_route=\/wp\/v2\/users\/1"}],"replies":[{"embeddable":true,"href":"https:\/\/www.laurapennanen.fi\/index.php?rest_route=%2Fwp%2Fv2%2Fcomments&post=463"}],"version-history":[{"count":14,"href":"https:\/\/www.laurapennanen.fi\/index.php?rest_route=\/wp\/v2\/pages\/463\/revisions"}],"predecessor-version":[{"id":3544,"href":"https:\/\/www.laurapennanen.fi\/index.php?rest_route=\/wp\/v2\/pages\/463\/revisions\/3544"}],"up":[{"embeddable":true,"href":"https:\/\/www.laurapennanen.fi\/index.php?rest_route=\/wp\/v2\/pages\/107"}],"wp:attachment":[{"href":"https:\/\/www.laurapennanen.fi\/index.php?rest_route=%2Fwp%2Fv2%2Fmedia&parent=463"}],"curies":[{"name":"wp","href":"https:\/\/api.w.org\/{rel}","templated":true}]}}