{"id":5440,"date":"2022-07-25T06:54:07","date_gmt":"2022-07-25T04:54:07","guid":{"rendered":"http:\/\/www.laurapennanen.fi\/?page_id=5440"},"modified":"2023-05-30T08:29:49","modified_gmt":"2023-05-30T06:29:49","slug":"neppi","status":"publish","type":"page","link":"https:\/\/www.laurapennanen.fi\/?page_id=5440","title":{"rendered":"Neppi"},"content":{"rendered":"<p>Neppi, syntynyt 8.3.2022, on siniharmaa maatiaiskissapoika. Neppi muutti meille vasta 15 viikkoisena 21.6.2022. Olimme alunperin ottamassa toista tytt\u00f6kissaa mutta Neppi osoittautuikin kolliksi meille tultuaan. No, pikku kollipoikakin tietysti meille kelpasi. Neppi oli tullessaan hyvin pienikokoinen. Jos <a href=\"http:\/\/www.laurapennanen.fi\/?page_id=3266\">Nappi<\/a> oli pieni kissa, Neppi oli todella pieni. Tullessaan Neppi painoi vain 660 grammaa. Sill\u00e4 oli silm\u00e4tulehdus, korvatulehdus ja se nukkui todella paljon. Se tykk\u00e4si olla syliss\u00e4 eik\u00e4 pel\u00e4nnyt koiria lainkaan. Niinp\u00e4 se sai jo tulop\u00e4iv\u00e4n\u00e4 itselleen syd\u00e4nyst\u00e4v\u00e4ksi <a href=\"http:\/\/www.laurapennanen.fi\/?page_id=5168\">Minnin<\/a>. My\u00f6s <a href=\"http:\/\/www.laurapennanen.fi\/?page_id=157\">Wilma<\/a> oli siit\u00e4 kiinnostunut. <a href=\"http:\/\/www.laurapennanen.fi\/?page_id=4696\">Laikku<\/a> sen sijaan hieman oudoksui pient\u00e4 tulijaa ja pysytteli hieman et\u00e4\u00e4mm\u00e4ll\u00e4. My\u00f6s <a href=\"http:\/\/www.laurapennanen.fi\/?page_id=3266\">Nappi<\/a> kummeksui pient\u00e4 tulijaa ja katseli sit\u00e4 parisen viikkoa kauempaa ja suhahti pennulle, jos se tuli liki.<\/p>\n<p>Neppi sai l\u00e4\u00e4kkeet vaivoihinsa ja alkoi pikkuhiljaa piristy\u00e4. Se kuitenkin sai viel\u00e4 nuhan ja p\u00e4rski paljon. My\u00f6s vatsa oli l\u00f6ys\u00e4\u00e4. Lopulta poika alkoi toipua vaivoistaan ja h\u00e4ness\u00e4 her\u00e4si iloinen, rohkea ja seikkailunhaluinen pikkukolli. Nappi yst\u00e4vystyi pennun kanssa ja niin alkoi joka aamuiset, p\u00e4iv\u00e4iset ja iltaiset hippaleikit kahden kissan v\u00e4lill\u00e4. Koirat osallistuivat niihin my\u00f6s, tosin toppuuttelimme niit\u00e4 liian innokkaasta per\u00e4ss\u00e4juoksemisesta. Neppi tykk\u00e4si leikki\u00e4 serpentiinill\u00e4, leluhiirill\u00e4 ja palloilla. Sill\u00e4 oli alusta asti hyv\u00e4 ruokahalu ja se s\u00f6ikin monipuolisesti kaikkea tarjottua lihasta nappuloihin ja m\u00e4rk\u00e4ruokaan. Paino nousi alussa hyvin hitaasti. Nelikuisena se painoi yh\u00e4 todella v\u00e4h\u00e4n, 781 grammaa. El\u00e4inl\u00e4\u00e4k\u00e4rin kahdessa tarkastuksessa se kuitenkin todettiin terveeksi kissaksi, joten j\u00e4imme odottelemaan mielenkiinnolla sen kasvua.<\/p>\n<p>Nepin l\u00e4hestyess\u00e4 puolen vuoden ik\u00e4\u00e4, se saavutti kahden kilon rajapyykin painossa. Ruoka maistui, samoin lihasten kasvua voimistava liikunta. Nepist\u00e4 oli kasvamassa komea poika ja n\u00e4ytti, ett\u00e4 se saattaisi saavuttaa Napin aikuispainossa (4 kg), ehk\u00e4 menn\u00e4 jopa sen ylikin. Kyll\u00e4h\u00e4n kollipojan sopisi olla kookas \ud83d\ude42 Sen kastrointi alkoi olla ajankohtainen. Pohdimme sopivaa ajankohtaa syyskuulle 2022. Nepill\u00e4 ei ollut viel\u00e4 puolivuotiaana mit\u00e4\u00e4n aikuisen kollin tapoja emmek\u00e4 halunneet niit\u00e4 edes odottaa. Leikkaaminen oli meille itsest\u00e4\u00e4nselvyys, sill\u00e4 kodittomia pikkukissoja on aivan liikaa.<\/p>\n<p>Neppi kastroitiin 15.9.2023 reilun puolen vuoden i\u00e4ss\u00e4. Toipuminen leikkauksesta oli nopeaa. Jo leikkausp\u00e4iv\u00e4n iltana Neppi leikki ja s\u00f6i normaalisti. Leikkauksen j\u00e4lkeisin\u00e4 viikkoina paino alkoi nousta tasaisesti. Vuoden vanhana poika painoi nelj\u00e4 kiloa ja meni kuin menikin Napin ohi, joka oli samaan aikaan laihtunut hienoihin lukemiin 3,7 kg. Neppi n\u00e4ytti olevan terve, vilkas ja kiltti aikuinen kissa \ud83d\ude42<\/p>\n<div class=\"kuvat\">\n<div id=\"attachment_5450\" style=\"width: 635px\" class=\"wp-caption alignnone\"><a href=\"http:\/\/www.laurapennanen.fi\/wp-content\/uploads\/2022\/07\/Neppi-leikkii.jpg\"><img loading=\"lazy\" decoding=\"async\" aria-describedby=\"caption-attachment-5450\" class=\"wp-image-5450 size-large\" src=\"http:\/\/www.laurapennanen.fi\/wp-content\/uploads\/2022\/07\/Neppi-leikkii-1024x684.jpg\" alt=\"\" width=\"625\" height=\"417\" srcset=\"https:\/\/www.laurapennanen.fi\/wp-content\/uploads\/2022\/07\/Neppi-leikkii-1024x684.jpg 1024w, https:\/\/www.laurapennanen.fi\/wp-content\/uploads\/2022\/07\/Neppi-leikkii-300x200.jpg 300w, https:\/\/www.laurapennanen.fi\/wp-content\/uploads\/2022\/07\/Neppi-leikkii-768x513.jpg 768w, https:\/\/www.laurapennanen.fi\/wp-content\/uploads\/2022\/07\/Neppi-leikkii-1536x1025.jpg 1536w, https:\/\/www.laurapennanen.fi\/wp-content\/uploads\/2022\/07\/Neppi-leikkii-2048x1367.jpg 2048w, https:\/\/www.laurapennanen.fi\/wp-content\/uploads\/2022\/07\/Neppi-leikkii-624x417.jpg 624w\" sizes=\"auto, (max-width: 625px) 100vw, 625px\" \/><\/a><p id=\"caption-attachment-5450\" class=\"wp-caption-text\">Neppi leikkim\u00e4ss\u00e4 verannalla, kolme p\u00e4iv\u00e4\u00e4 kotiutumisensa j\u00e4lkeen.<\/p><\/div>\n<\/div>\n<div class=\"kuvat\">\n<div id=\"attachment_5449\" style=\"width: 635px\" class=\"wp-caption alignnone\"><a href=\"http:\/\/www.laurapennanen.fi\/wp-content\/uploads\/2022\/07\/Nappi-ja-Neppi.jpg\"><img loading=\"lazy\" decoding=\"async\" aria-describedby=\"caption-attachment-5449\" class=\"wp-image-5449 size-large\" src=\"http:\/\/www.laurapennanen.fi\/wp-content\/uploads\/2022\/07\/Nappi-ja-Neppi-1024x683.jpg\" alt=\"\" width=\"625\" height=\"417\" srcset=\"https:\/\/www.laurapennanen.fi\/wp-content\/uploads\/2022\/07\/Nappi-ja-Neppi-1024x683.jpg 1024w, https:\/\/www.laurapennanen.fi\/wp-content\/uploads\/2022\/07\/Nappi-ja-Neppi-300x200.jpg 300w, https:\/\/www.laurapennanen.fi\/wp-content\/uploads\/2022\/07\/Nappi-ja-Neppi-768x512.jpg 768w, https:\/\/www.laurapennanen.fi\/wp-content\/uploads\/2022\/07\/Nappi-ja-Neppi-1536x1025.jpg 1536w, https:\/\/www.laurapennanen.fi\/wp-content\/uploads\/2022\/07\/Nappi-ja-Neppi-2048x1367.jpg 2048w, https:\/\/www.laurapennanen.fi\/wp-content\/uploads\/2022\/07\/Nappi-ja-Neppi-624x416.jpg 624w\" sizes=\"auto, (max-width: 625px) 100vw, 625px\" \/><\/a><p id=\"caption-attachment-5449\" class=\"wp-caption-text\">Nappi ja Neppi tutustuivat toisiinsa kissamaisen rauhalliseen tahtiin. T\u00e4ss\u00e4 ensimm\u00e4isi\u00e4 kosketuksia Napilta, viikko Nepin tulon j\u00e4lkeen.<\/p><\/div>\n<\/div>\n<div class=\"kuvatkapeampi2\">\n<div id=\"attachment_5451\" style=\"width: 635px\" class=\"wp-caption alignnone\"><a href=\"http:\/\/www.laurapennanen.fi\/wp-content\/uploads\/2022\/07\/Neppi-naama.jpg\"><img loading=\"lazy\" decoding=\"async\" aria-describedby=\"caption-attachment-5451\" class=\"wp-image-5451 size-large\" src=\"http:\/\/www.laurapennanen.fi\/wp-content\/uploads\/2022\/07\/Neppi-naama-904x1024.jpg\" alt=\"\" width=\"625\" height=\"708\" srcset=\"https:\/\/www.laurapennanen.fi\/wp-content\/uploads\/2022\/07\/Neppi-naama-904x1024.jpg 904w, https:\/\/www.laurapennanen.fi\/wp-content\/uploads\/2022\/07\/Neppi-naama-265x300.jpg 265w, https:\/\/www.laurapennanen.fi\/wp-content\/uploads\/2022\/07\/Neppi-naama-768x870.jpg 768w, https:\/\/www.laurapennanen.fi\/wp-content\/uploads\/2022\/07\/Neppi-naama-624x707.jpg 624w, https:\/\/www.laurapennanen.fi\/wp-content\/uploads\/2022\/07\/Neppi-naama.jpg 1186w\" sizes=\"auto, (max-width: 625px) 100vw, 625px\" \/><\/a><p id=\"caption-attachment-5451\" class=\"wp-caption-text\">Neppi muutamaa p\u00e4iv\u00e4\u00e4 vaille nelj\u00e4 kuukautta vanhana.<\/p><\/div>\n<\/div>\n<div id=\"attachment_5692\" style=\"width: 310px\" class=\"wp-caption alignnone\"><a href=\"http:\/\/www.laurapennanen.fi\/wp-content\/uploads\/2023\/05\/Neppi-1-vuotta.jpg\"><img loading=\"lazy\" decoding=\"async\" aria-describedby=\"caption-attachment-5692\" class=\"wp-image-5692 size-medium\" src=\"http:\/\/www.laurapennanen.fi\/wp-content\/uploads\/2023\/05\/Neppi-1-vuotta-300x200.jpg\" alt=\"\" width=\"300\" height=\"200\" srcset=\"https:\/\/www.laurapennanen.fi\/wp-content\/uploads\/2023\/05\/Neppi-1-vuotta-300x200.jpg 300w, https:\/\/www.laurapennanen.fi\/wp-content\/uploads\/2023\/05\/Neppi-1-vuotta-1024x683.jpg 1024w, https:\/\/www.laurapennanen.fi\/wp-content\/uploads\/2023\/05\/Neppi-1-vuotta-768x512.jpg 768w, https:\/\/www.laurapennanen.fi\/wp-content\/uploads\/2023\/05\/Neppi-1-vuotta-1536x1024.jpg 1536w, https:\/\/www.laurapennanen.fi\/wp-content\/uploads\/2023\/05\/Neppi-1-vuotta-2048x1365.jpg 2048w, https:\/\/www.laurapennanen.fi\/wp-content\/uploads\/2023\/05\/Neppi-1-vuotta-624x416.jpg 624w\" sizes=\"auto, (max-width: 300px) 100vw, 300px\" \/><\/a><p id=\"caption-attachment-5692\" class=\"wp-caption-text\">Neppi 1-vuotis syntym\u00e4p\u00e4iv\u00e4n\u00e4\u00e4n<\/p><\/div>\n<div class=\"kuvat\"><a href=\"http:\/\/www.laurapennanen.fi\/?page_id=432\">\u21d0 Palaa kissat-sivulle<\/a><\/div>\n","protected":false},"excerpt":{"rendered":"<p>Neppi, syntynyt 8.3.2022, on siniharmaa maatiaiskissapoika. Neppi muutti meille vasta 15 viikkoisena 21.6.2022. Olimme alunperin ottamassa toista tytt\u00f6kissaa mutta Neppi osoittautuikin kolliksi meille tultuaan. No, pikku kollipoikakin tietysti meille kelpasi. Neppi oli tullessaan hyvin pienikokoinen. Jos Nappi oli pieni kissa, Neppi oli todella pieni. Tullessaan Neppi painoi vain 660 grammaa. Sill\u00e4 oli silm\u00e4tulehdus, korvatulehdus ja [&hellip;]<\/p>\n","protected":false},"author":1,"featured_media":0,"parent":432,"menu_order":0,"comment_status":"closed","ping_status":"closed","template":"page-templates\/full-width.php","meta":{"footnotes":""},"class_list":["post-5440","page","type-page","status-publish","hentry"],"_links":{"self":[{"href":"https:\/\/www.laurapennanen.fi\/index.php?rest_route=\/wp\/v2\/pages\/5440","targetHints":{"allow":["GET"]}}],"collection":[{"href":"https:\/\/www.laurapennanen.fi\/index.php?rest_route=\/wp\/v2\/pages"}],"about":[{"href":"https:\/\/www.laurapennanen.fi\/index.php?rest_route=\/wp\/v2\/types\/page"}],"author":[{"embeddable":true,"href":"https:\/\/www.laurapennanen.fi\/index.php?rest_route=\/wp\/v2\/users\/1"}],"replies":[{"embeddable":true,"href":"https:\/\/www.laurapennanen.fi\/index.php?rest_route=%2Fwp%2Fv2%2Fcomments&post=5440"}],"version-history":[{"count":18,"href":"https:\/\/www.laurapennanen.fi\/index.php?rest_route=\/wp\/v2\/pages\/5440\/revisions"}],"predecessor-version":[{"id":5696,"href":"https:\/\/www.laurapennanen.fi\/index.php?rest_route=\/wp\/v2\/pages\/5440\/revisions\/5696"}],"up":[{"embeddable":true,"href":"https:\/\/www.laurapennanen.fi\/index.php?rest_route=\/wp\/v2\/pages\/432"}],"wp:attachment":[{"href":"https:\/\/www.laurapennanen.fi\/index.php?rest_route=%2Fwp%2Fv2%2Fmedia&parent=5440"}],"curies":[{"name":"wp","href":"https:\/\/api.w.org\/{rel}","templated":true}]}}

<p>Neppi, syntynyt 8.3.2022, on siniharmaa maatiaiskissapoika. Neppi muutti meille vasta 15 viikkoisena 21.6.2022. Olimme alunperin ottamassa toista tyttökissaa mutta Neppi osoittautuikin kolliksi meille tultuaan. No, pikku kollipoikakin tietysti meille kelpasi. Neppi oli tullessaan hyvin pienikokoinen. Jos <a href="http://www.laurapennanen.fi/?page_id=3266">Nappi</a> oli pieni kissa, Neppi oli todella pieni. Tullessaan Neppi painoi vain 660 grammaa. Sillä oli silmätulehdus, korvatulehdus ja se nukkui todella paljon. Se tykkäsi olla sylissä eikä pelännyt koiria lainkaan. Niinpä se sai jo tulopäivänä itselleen sydänystäväksi <a href="http://www.laurapennanen.fi/?page_id=5168">Minnin</a>. Myös <a href="http://www.laurapennanen.fi/?page_id=157">Wilma</a> oli siitä kiinnostunut. <a href="http://www.laurapennanen.fi/?page_id=4696">Laikku</a> sen sijaan hieman oudoksui pientä tulijaa ja pysytteli hieman etäämmällä. Myös <a href="http://www.laurapennanen.fi/?page_id=3266">Nappi</a> kummeksui pientä tulijaa ja katseli sitä parisen viikkoa kauempaa ja suhahti pennulle, jos se tuli liki.</p>
<p>Neppi sai lääkkeet vaivoihinsa ja alkoi pikkuhiljaa piristyä. Se kuitenkin sai vielä nuhan ja pärski paljon. Myös vatsa oli löysää. Lopulta poika alkoi toipua vaivoistaan ja hänessä heräsi iloinen, rohkea ja seikkailunhaluinen pikkukolli. Nappi ystävystyi pennun kanssa ja niin alkoi joka aamuiset, päiväiset ja iltaiset hippaleikit kahden kissan välillä. Koirat osallistuivat niihin myös, tosin toppuuttelimme niitä liian innokkaasta perässäjuoksemisesta. Neppi tykkäsi leikkiä serpentiinillä, leluhiirillä ja palloilla. Sillä oli alusta asti hyvä ruokahalu ja se söikin monipuolisesti kaikkea tarjottua lihasta nappuloihin ja märkäruokaan. Paino nousi alussa hyvin hitaasti. Nelikuisena se painoi yhä todella vähän, 781 grammaa. Eläinlääkärin kahdessa tarkastuksessa se kuitenkin todettiin terveeksi kissaksi, joten jäimme odottelemaan mielenkiinnolla sen kasvua.</p>
<p>Nepin lähestyessä puolen vuoden ikää, se saavutti kahden kilon rajapyykin painossa. Ruoka maistui, samoin lihasten kasvua voimistava liikunta. Nepistä oli kasvamassa komea poika ja näytti, että se saattaisi saavuttaa Napin aikuispainossa (4 kg), ehkä mennä jopa sen ylikin. Kyllähän kollipojan sopisi olla kookas 🙂 Sen kastrointi alkoi olla ajankohtainen. Pohdimme sopivaa ajankohtaa syyskuulle 2022. Nepillä ei ollut vielä puolivuotiaana mitään aikuisen kollin tapoja emmekä halunneet niitä edes odottaa. Leikkaaminen oli meille itsestäänselvyys, sillä kodittomia pikkukissoja on aivan liikaa.</p>
<p>Neppi kastroitiin 15.9.2023 reilun puolen vuoden iässä. Toipuminen leikkauksesta oli nopeaa. Jo leikkauspäivän iltana Neppi leikki ja söi normaalisti. Leikkauksen jälkeisinä viikkoina paino alkoi nousta tasaisesti. Vuoden vanhana poika painoi neljä kiloa ja meni kuin menikin Napin ohi, joka oli samaan aikaan laihtunut hienoihin lukemiin 3,7 kg. Neppi näytti olevan terve, vilkas ja kiltti aikuinen kissa 🙂</p>
<div class="kuvat">
<div id="attachment_5450" style="width: 635px" class="wp-caption alignnone"><a href="http://www.laurapennanen.fi/wp-content/uploads/2022/07/Neppi-leikkii.jpg"><img loading="lazy" decoding="async" aria-describedby="caption-attachment-5450" class="wp-image-5450 size-large" src="http://www.laurapennanen.fi/wp-content/uploads/2022/07/Neppi-leikkii-1024x684.jpg" alt="" width="625" height="417" srcset="https://www.laurapennanen.fi/wp-content/uploads/2022/07/Neppi-leikkii-1024x684.jpg 1024w, https://www.laurapennanen.fi/wp-content/uploads/2022/07/Neppi-leikkii-300x200.jpg 300w, https://www.laurapennanen.fi/wp-content/uploads/2022/07/Neppi-leikkii-768x513.jpg 768w, https://www.laurapennanen.fi/wp-content/uploads/2022/07/Neppi-leikkii-1536x1025.jpg 1536w, https://www.laurapennanen.fi/wp-content/uploads/2022/07/Neppi-leikkii-2048x1367.jpg 2048w, https://www.laurapennanen.fi/wp-content/uploads/2022/07/Neppi-leikkii-624x417.jpg 624w" sizes="auto, (max-width: 625px) 100vw, 625px" /></a><p id="caption-attachment-5450" class="wp-caption-text">Neppi leikkimässä verannalla, kolme päivää kotiutumisensa jälkeen.</p></div>
</div>
<div class="kuvat">
<div id="attachment_5449" style="width: 635px" class="wp-caption alignnone"><a href="http://www.laurapennanen.fi/wp-content/uploads/2022/07/Nappi-ja-Neppi.jpg"><img loading="lazy" decoding="async" aria-describedby="caption-attachment-5449" class="wp-image-5449 size-large" src="http://www.laurapennanen.fi/wp-content/uploads/2022/07/Nappi-ja-Neppi-1024x683.jpg" alt="" width="625" height="417" srcset="https://www.laurapennanen.fi/wp-content/uploads/2022/07/Nappi-ja-Neppi-1024x683.jpg 1024w, https://www.laurapennanen.fi/wp-content/uploads/2022/07/Nappi-ja-Neppi-300x200.jpg 300w, https://www.laurapennanen.fi/wp-content/uploads/2022/07/Nappi-ja-Neppi-768x512.jpg 768w, https://www.laurapennanen.fi/wp-content/uploads/2022/07/Nappi-ja-Neppi-1536x1025.jpg 1536w, https://www.laurapennanen.fi/wp-content/uploads/2022/07/Nappi-ja-Neppi-2048x1367.jpg 2048w, https://www.laurapennanen.fi/wp-content/uploads/2022/07/Nappi-ja-Neppi-624x416.jpg 624w" sizes="auto, (max-width: 625px) 100vw, 625px" /></a><p id="caption-attachment-5449" class="wp-caption-text">Nappi ja Neppi tutustuivat toisiinsa kissamaisen rauhalliseen tahtiin. Tässä ensimmäisiä kosketuksia Napilta, viikko Nepin tulon jälkeen.</p></div>
</div>
<div class="kuvatkapeampi2">
<div id="attachment_5451" style="width: 635px" class="wp-caption alignnone"><a href="http://www.laurapennanen.fi/wp-content/uploads/2022/07/Neppi-naama.jpg"><img loading="lazy" decoding="async" aria-describedby="caption-attachment-5451" class="wp-image-5451 size-large" src="http://www.laurapennanen.fi/wp-content/uploads/2022/07/Neppi-naama-904x1024.jpg" alt="" width="625" height="708" srcset="https://www.laurapennanen.fi/wp-content/uploads/2022/07/Neppi-naama-904x1024.jpg 904w, https://www.laurapennanen.fi/wp-content/uploads/2022/07/Neppi-naama-265x300.jpg 265w, https://www.laurapennanen.fi/wp-content/uploads/2022/07/Neppi-naama-768x870.jpg 768w, https://www.laurapennanen.fi/wp-content/uploads/2022/07/Neppi-naama-624x707.jpg 624w, https://www.laurapennanen.fi/wp-content/uploads/2022/07/Neppi-naama.jpg 1186w" sizes="auto, (max-width: 625px) 100vw, 625px" /></a><p id="caption-attachment-5451" class="wp-caption-text">Neppi muutamaa päivää vaille neljä kuukautta vanhana.</p></div>
</div>
<div id="attachment_5692" style="width: 310px" class="wp-caption alignnone"><a href="http://www.laurapennanen.fi/wp-content/uploads/2023/05/Neppi-1-vuotta.jpg"><img loading="lazy" decoding="async" aria-describedby="caption-attachment-5692" class="wp-image-5692 size-medium" src="http://www.laurapennanen.fi/wp-content/uploads/2023/05/Neppi-1-vuotta-300x200.jpg" alt="" width="300" height="200" srcset="https://www.laurapennanen.fi/wp-content/uploads/2023/05/Neppi-1-vuotta-300x200.jpg 300w, https://www.laurapennanen.fi/wp-content/uploads/2023/05/Neppi-1-vuotta-1024x683.jpg 1024w, https://www.laurapennanen.fi/wp-content/uploads/2023/05/Neppi-1-vuotta-768x512.jpg 768w, https://www.laurapennanen.fi/wp-content/uploads/2023/05/Neppi-1-vuotta-1536x1024.jpg 1536w, https://www.laurapennanen.fi/wp-content/uploads/2023/05/Neppi-1-vuotta-2048x1365.jpg 2048w, https://www.laurapennanen.fi/wp-content/uploads/2023/05/Neppi-1-vuotta-624x416.jpg 624w" sizes="auto, (max-width: 300px) 100vw, 300px" /></a><p id="caption-attachment-5692" class="wp-caption-text">Neppi 1-vuotis syntymäpäivänään</p></div>
<div class="kuvat"><a href="http://www.laurapennanen.fi/?page_id=432">⇐ Palaa kissat-sivulle</a></div>

<p>Neppi, syntynyt 8.3.2022, on siniharmaa maatiaiskissapoika. Neppi muutti meille vasta 15 viikkoisena 21.6.2022. Olimme alunperin ottamassa toista tyttökissaa mutta Neppi osoittautuikin kolliksi meille tultuaan. No, pikku kollipoikakin tietysti meille kelpasi. Neppi oli tullessaan hyvin pienikokoinen. Jos Nappi oli pieni kissa, Neppi oli todella pieni. Tullessaan Neppi painoi vain 660 grammaa. Sillä oli silmätulehdus, korvatulehdus ja [&hellip;]</p>
