{"id":587,"date":"2018-11-02T20:01:38","date_gmt":"2018-11-02T18:01:38","guid":{"rendered":"http:\/\/www.laurapennanen.fi\/?page_id=587"},"modified":"2019-08-06T22:32:49","modified_gmt":"2019-08-06T20:32:49","slug":"mopot-ja-monkijat","status":"publish","type":"page","link":"https:\/\/www.laurapennanen.fi\/?page_id=587","title":{"rendered":"Mopot ja m\u00f6nkij\u00e4t"},"content":{"rendered":"<p>T\u00e4ll\u00e4 sivulla voit ihailla poikieni menopelej\u00e4.<\/p>\n<p><a href=\"http:\/\/www.laurapennanen.fi\/wp-content\/uploads\/2018\/11\/Honda-Bigred-93.jpg\"><img loading=\"lazy\" decoding=\"async\" class=\"wp-image-591\" src=\"http:\/\/www.laurapennanen.fi\/wp-content\/uploads\/2018\/11\/Honda-Bigred-93-1024x768.jpg\" alt=\"\" width=\"500\" height=\"375\" srcset=\"https:\/\/www.laurapennanen.fi\/wp-content\/uploads\/2018\/11\/Honda-Bigred-93-1024x768.jpg 1024w, https:\/\/www.laurapennanen.fi\/wp-content\/uploads\/2018\/11\/Honda-Bigred-93-300x225.jpg 300w, https:\/\/www.laurapennanen.fi\/wp-content\/uploads\/2018\/11\/Honda-Bigred-93-768x576.jpg 768w, https:\/\/www.laurapennanen.fi\/wp-content\/uploads\/2018\/11\/Honda-Bigred-93-624x468.jpg 624w, https:\/\/www.laurapennanen.fi\/wp-content\/uploads\/2018\/11\/Honda-Bigred-93.jpg 1587w\" sizes=\"auto, (max-width: 500px) 100vw, 500px\" \/><\/a><\/p>\n<p>Honda on Kuutsalon ensimm\u00e4isi\u00e4 m\u00f6nkij\u00f6it\u00e4. Valmistusvuosi on 1993. Is\u00e4ni osti sen mets\u00e4t\u00f6it\u00e4 varten mutta siit\u00e4 tuli my\u00f6s oiva lasten ja tavaroiden kuljetusv\u00e4line sek\u00e4 treeniv\u00e4line huskyille. Viime vuosina se on toiminut l\u00e4hinn\u00e4 kodin ja yhteysaluslaiturin v\u00e4lill\u00e4 kuljetuksessa.<\/p>\n<p><a href=\"http:\/\/www.laurapennanen.fi\/wp-content\/uploads\/2018\/11\/Aprilia-SX50-07-Vilho.jpg\"><img loading=\"lazy\" decoding=\"async\" class=\"alignnone wp-image-590\" src=\"http:\/\/www.laurapennanen.fi\/wp-content\/uploads\/2018\/11\/Aprilia-SX50-07-Vilho.jpg\" alt=\"\" width=\"500\" height=\"281\" srcset=\"https:\/\/www.laurapennanen.fi\/wp-content\/uploads\/2018\/11\/Aprilia-SX50-07-Vilho.jpg 960w, https:\/\/www.laurapennanen.fi\/wp-content\/uploads\/2018\/11\/Aprilia-SX50-07-Vilho-300x169.jpg 300w, https:\/\/www.laurapennanen.fi\/wp-content\/uploads\/2018\/11\/Aprilia-SX50-07-Vilho-768x432.jpg 768w, https:\/\/www.laurapennanen.fi\/wp-content\/uploads\/2018\/11\/Aprilia-SX50-07-Vilho-624x351.jpg 624w\" sizes=\"auto, (max-width: 500px) 100vw, 500px\" \/><\/a><\/p>\n<p>Aprilia SX50 vm07 Nuorimman poikani todellinen projektimopo, aina vaatimassa rassausta.<\/p>\n<div id=\"attachment_2477\" style=\"width: 510px\" class=\"wp-caption alignnone\"><a href=\"http:\/\/www.laurapennanen.fi\/wp-content\/uploads\/2019\/05\/Vilhon-uusi-mopo-vol2.jpg\"><img loading=\"lazy\" decoding=\"async\" aria-describedby=\"caption-attachment-2477\" class=\"wp-image-2477\" src=\"http:\/\/www.laurapennanen.fi\/wp-content\/uploads\/2019\/05\/Vilhon-uusi-mopo-vol2-1024x576.jpg\" alt=\"\" width=\"500\" height=\"281\" srcset=\"https:\/\/www.laurapennanen.fi\/wp-content\/uploads\/2019\/05\/Vilhon-uusi-mopo-vol2-1024x576.jpg 1024w, https:\/\/www.laurapennanen.fi\/wp-content\/uploads\/2019\/05\/Vilhon-uusi-mopo-vol2-300x169.jpg 300w, https:\/\/www.laurapennanen.fi\/wp-content\/uploads\/2019\/05\/Vilhon-uusi-mopo-vol2-768x432.jpg 768w, https:\/\/www.laurapennanen.fi\/wp-content\/uploads\/2019\/05\/Vilhon-uusi-mopo-vol2-624x351.jpg 624w, https:\/\/www.laurapennanen.fi\/wp-content\/uploads\/2019\/05\/Vilhon-uusi-mopo-vol2.jpg 1600w\" sizes=\"auto, (max-width: 500px) 100vw, 500px\" \/><\/a><p id=\"caption-attachment-2477\" class=\"wp-caption-text\">Nuorimmaisen poikani Aprilia SX50 vm 2012.<\/p><\/div>\n<p>Aprilia SX vm 2012. Nuorimman poikani k\u00e4ytt\u00f6mopo \ud83d\ude42<\/p>\n<p><a href=\"http:\/\/www.laurapennanen.fi\/wp-content\/uploads\/2019\/08\/Vilhon-monkey.jpg\"><img loading=\"lazy\" decoding=\"async\" class=\"alignnone wp-image-3448\" src=\"http:\/\/www.laurapennanen.fi\/wp-content\/uploads\/2019\/08\/Vilhon-monkey-1024x497.jpg\" alt=\"\" width=\"500\" height=\"243\" srcset=\"https:\/\/www.laurapennanen.fi\/wp-content\/uploads\/2019\/08\/Vilhon-monkey-1024x497.jpg 1024w, https:\/\/www.laurapennanen.fi\/wp-content\/uploads\/2019\/08\/Vilhon-monkey-300x146.jpg 300w, https:\/\/www.laurapennanen.fi\/wp-content\/uploads\/2019\/08\/Vilhon-monkey-768x373.jpg 768w, https:\/\/www.laurapennanen.fi\/wp-content\/uploads\/2019\/08\/Vilhon-monkey-624x303.jpg 624w, https:\/\/www.laurapennanen.fi\/wp-content\/uploads\/2019\/08\/Vilhon-monkey.jpg 1600w\" sizes=\"auto, (max-width: 500px) 100vw, 500px\" \/><\/a><\/p>\n<p>Monkey, nuorimman poikani uusin ajokki.<\/p>\n<p><a href=\"http:\/\/www.laurapennanen.fi\/wp-content\/uploads\/2018\/11\/Skyteam-Monkey-2016.jpg\"><img loading=\"lazy\" decoding=\"async\" class=\"alignnone wp-image-592\" src=\"http:\/\/www.laurapennanen.fi\/wp-content\/uploads\/2018\/11\/Skyteam-Monkey-2016-1024x768.jpg\" alt=\"\" width=\"500\" height=\"375\" srcset=\"https:\/\/www.laurapennanen.fi\/wp-content\/uploads\/2018\/11\/Skyteam-Monkey-2016-1024x768.jpg 1024w, https:\/\/www.laurapennanen.fi\/wp-content\/uploads\/2018\/11\/Skyteam-Monkey-2016-300x225.jpg 300w, https:\/\/www.laurapennanen.fi\/wp-content\/uploads\/2018\/11\/Skyteam-Monkey-2016-768x576.jpg 768w, https:\/\/www.laurapennanen.fi\/wp-content\/uploads\/2018\/11\/Skyteam-Monkey-2016-624x468.jpg 624w, https:\/\/www.laurapennanen.fi\/wp-content\/uploads\/2018\/11\/Skyteam-Monkey-2016.jpg 1587w\" sizes=\"auto, (max-width: 500px) 100vw, 500px\" \/><\/a><\/p>\n<p>Skyteam Monkey vm16 Keskimm\u00e4isen poikani silm\u00e4ter\u00e4.<\/p>\n<div id=\"attachment_1011\" style=\"width: 510px\" class=\"wp-caption alignnone\"><a href=\"http:\/\/www.laurapennanen.fi\/wp-content\/uploads\/2018\/12\/V\u00e4in\u00f6n-crossi.jpg\"><img loading=\"lazy\" decoding=\"async\" aria-describedby=\"caption-attachment-1011\" class=\"wp-image-1011\" src=\"http:\/\/www.laurapennanen.fi\/wp-content\/uploads\/2018\/12\/V\u00e4in\u00f6n-crossi-1024x768.jpg\" alt=\"\" width=\"500\" height=\"375\" srcset=\"https:\/\/www.laurapennanen.fi\/wp-content\/uploads\/2018\/12\/V\u00e4in\u00f6n-crossi-1024x768.jpg 1024w, https:\/\/www.laurapennanen.fi\/wp-content\/uploads\/2018\/12\/V\u00e4in\u00f6n-crossi-300x225.jpg 300w, https:\/\/www.laurapennanen.fi\/wp-content\/uploads\/2018\/12\/V\u00e4in\u00f6n-crossi-768x576.jpg 768w, https:\/\/www.laurapennanen.fi\/wp-content\/uploads\/2018\/12\/V\u00e4in\u00f6n-crossi-624x468.jpg 624w, https:\/\/www.laurapennanen.fi\/wp-content\/uploads\/2018\/12\/V\u00e4in\u00f6n-crossi.jpg 2000w\" sizes=\"auto, (max-width: 500px) 100vw, 500px\" \/><\/a><p id=\"caption-attachment-1011\" class=\"wp-caption-text\">Keskimm\u00e4isen pojan entinen crossipy\u00f6r\u00e4 Pitpro 150cc vuosimalli 2010.<\/p><\/div>\n","protected":false},"excerpt":{"rendered":"<p>T\u00e4ll\u00e4 sivulla voit ihailla poikieni menopelej\u00e4. Honda on Kuutsalon ensimm\u00e4isi\u00e4 m\u00f6nkij\u00f6it\u00e4. Valmistusvuosi on 1993. Is\u00e4ni osti sen mets\u00e4t\u00f6it\u00e4 varten mutta siit\u00e4 tuli my\u00f6s oiva lasten ja tavaroiden kuljetusv\u00e4line sek\u00e4 treeniv\u00e4line huskyille. Viime vuosina se on toiminut l\u00e4hinn\u00e4 kodin ja yhteysaluslaiturin v\u00e4lill\u00e4 kuljetuksessa. Aprilia SX50 vm07 Nuorimman poikani todellinen projektimopo, aina vaatimassa rassausta. Aprilia SX vm [&hellip;]<\/p>\n","protected":false},"author":1,"featured_media":0,"parent":0,"menu_order":0,"comment_status":"closed","ping_status":"closed","template":"page-templates\/full-width.php","meta":{"footnotes":""},"class_list":["post-587","page","type-page","status-publish","hentry"],"_links":{"self":[{"href":"https:\/\/www.laurapennanen.fi\/index.php?rest_route=\/wp\/v2\/pages\/587","targetHints":{"allow":["GET"]}}],"collection":[{"href":"https:\/\/www.laurapennanen.fi\/index.php?rest_route=\/wp\/v2\/pages"}],"about":[{"href":"https:\/\/www.laurapennanen.fi\/index.php?rest_route=\/wp\/v2\/types\/page"}],"author":[{"embeddable":true,"href":"https:\/\/www.laurapennanen.fi\/index.php?rest_route=\/wp\/v2\/users\/1"}],"replies":[{"embeddable":true,"href":"https:\/\/www.laurapennanen.fi\/index.php?rest_route=%2Fwp%2Fv2%2Fcomments&post=587"}],"version-history":[{"count":8,"href":"https:\/\/www.laurapennanen.fi\/index.php?rest_route=\/wp\/v2\/pages\/587\/revisions"}],"predecessor-version":[{"id":3449,"href":"https:\/\/www.laurapennanen.fi\/index.php?rest_route=\/wp\/v2\/pages\/587\/revisions\/3449"}],"wp:attachment":[{"href":"https:\/\/www.laurapennanen.fi\/index.php?rest_route=%2Fwp%2Fv2%2Fmedia&parent=587"}],"curies":[{"name":"wp","href":"https:\/\/api.w.org\/{rel}","templated":true}]}}